-- https://www.phpmyadmin.net/
--

START TRANSACTION;



--
-- Database: `ci_hotel_management`
--

-- --------------------------------------------------------

--
-- Table structure for table `category`
--

CREATE TABLE `category` (
  `id` int(11) NOT NULL,
  `fiMenuId` int(11) DEFAULT NULL,
  `fsTitle` varchar(255) DEFAULT NULL,
  `fsImage` mediumtext,
  `fiStatus` int(11) DEFAULT NULL,
  `fdCreateDate` datetime DEFAULT NULL,
  `fdUpdateDate` datetime DEFAULT NULL
) ENGINE=InnoDB DEFAULT CHARSET=latin1;

--
-- Dumping data for table `category`
--

INSERT INTO `category` (`id`, `fiMenuId`, `fsTitle`, `fsImage`, `fiStatus`, `fdCreateDate`, `fdUpdateDate`) VALUES
(1, 1, 'AIR CONDITIONING AND HEATING', 'assets/uploads/category_image/1592637151-7016.png', NULL, '2020-06-11 14:47:09', '2020-06-20 09:12:31'),
(2, 1, 'ALARM CLOCK (CLOCK RADIO)', 'assets/uploads/category_image/1592637148-2576.png', NULL, '2020-06-11 14:47:21', '2020-06-20 09:12:28'),
(3, 1, 'BALCONIES', 'assets/uploads/category_image/1592637141-9656.png', NULL, '2020-06-11 14:47:38', '2020-06-20 09:12:21'),
(4, 1, 'COFFEE AND TEA FACILITIES', 'assets/uploads/category_image/1592637137-2651.png', NULL, '2020-06-11 14:47:52', '2020-06-20 09:12:17'),
(5, 1, 'COMPUTER CONNECTION (DATA PORTS)', 'assets/uploads/category_image/1592637119-1199.png', NULL, '2020-06-11 14:48:01', '2020-06-20 09:11:59'),
(6, 1, 'COOKTOP, RANGEHOOD AND OVEN', 'assets/uploads/category_image/1592637113-6209.png', NULL, '2020-06-11 14:48:12', '2020-06-20 09:11:53'),
(7, 1, 'DISHWASHER', 'assets/uploads/category_image/1592637107-8837.png', NULL, '2020-06-11 14:48:21', '2020-06-20 09:11:47'),
(8, 1, 'DVD PLAYER', 'assets/uploads/category_image/1592637100-3391.png', NULL, '2020-06-11 14:48:31', '2020-06-20 09:11:40'),
(9, 1, 'HAIRDRYER', 'assets/uploads/category_image/1592637093-6917.png', NULL, '2020-06-11 14:48:41', '2020-06-20 09:11:33'),
(10, 1, 'HEATING', 'assets/uploads/category_image/1592637086-8370.png', NULL, '2020-06-11 14:48:51', '2020-06-20 09:11:26'),
(11, 1, 'iPOD DOCK', 'assets/uploads/category_image/1592637080-5252.png', NULL, '2020-06-11 14:49:02', '2020-06-20 09:11:20'),
(12, 1, 'IRONING FACILITIES', 'assets/uploads/category_image/1592637074-6701.png', NULL, '2020-06-11 14:49:10', '2020-06-20 09:11:14'),
(13, 1, 'MICROWAVE OVEN', 'assets/uploads/category_image/1592637060-2208.png', NULL, '2020-06-11 14:49:21', '2020-06-20 09:11:00'),
(14, 1, 'TELEPHONE SERVICES', 'assets/uploads/category_image/1592637054-7787.png', NULL, '2020-06-11 14:49:29', '2020-06-20 09:10:54'),
(15, 1, 'TELEVISION', 'assets/uploads/category_image/1592637024-9902.png', NULL, '2020-06-11 14:49:37', '2020-06-20 09:10:24'),
(16, 1, 'WASHER – DRYER', 'assets/uploads/category_image/1592637017-5353.png', NULL, '2020-06-11 14:49:47', '2020-06-20 09:10:17'),
(17, 1, 'ACCOUNT PAYMENT', 'assets/uploads/category_image/1592636982-7049.png', NULL, '2020-06-11 14:50:11', '2020-06-20 09:09:42'),
(18, 1, 'ADAPTORS AND TRANSFORMERS', 'assets/uploads/category_image/1592636976-8609.png', NULL, '2020-06-11 14:50:19', '2020-06-20 09:09:36'),
(19, 1, 'BAGGAGE SERVICES AND STORAGE', 'assets/uploads/category_image/1592636970-1878.png', NULL, '2020-06-11 14:50:27', '2020-06-20 09:09:30'),
(20, 1, 'BREAKFAST', 'assets/uploads/category_image/1592636964-2844.png', NULL, '2020-06-11 14:50:36', '2020-06-20 09:09:24'),
(21, 1, 'BUSINESS CENTRE', 'assets/uploads/category_image/1592636958-2435.png', NULL, '2020-06-11 14:50:45', '2020-06-20 09:09:18'),
(22, 1, 'TRAINS, TRAMS & BUSES', 'assets/uploads/category_image/1592636952-6222.png', NULL, '2020-06-11 14:50:55', '2020-06-20 09:09:12'),
(23, 1, 'CAR PARKING.', 'assets/uploads/category_image/1592636946-3110.png', NULL, '2020-06-11 14:51:01', '2020-06-20 09:09:06'),
(24, 1, 'CHECK OUT TIME', 'assets/uploads/category_image/1592636940-6296.png', NULL, '2020-06-11 14:51:10', '2020-06-20 09:09:00'),
(25, 1, 'CHILDREN', 'assets/uploads/category_image/1592636907-5101.png', NULL, '2020-06-11 14:51:19', '2020-06-20 09:08:27'),
(26, 1, 'DISABLED FACILITIES', 'assets/uploads/category_image/1592636902-1524.png', NULL, '2020-06-11 14:52:17', '2020-06-20 09:08:22'),
(27, 1, 'DRY CLEANING, LAUNDRY AND PRESSING', 'assets/uploads/category_image/1592636894-4335.png', NULL, '2020-06-11 14:52:25', '2020-06-20 09:08:14'),
(28, 1, 'EMAIL', 'assets/uploads/category_image/1592636888-1213.png', NULL, '2020-06-11 14:52:31', '2020-06-20 09:08:08'),
(29, 1, 'EMERGENCY', 'assets/uploads/category_image/1592636882-6013.png', NULL, '2020-06-11 14:52:41', '2020-06-20 09:08:02'),
(30, 1, 'FACSIMILE SERVICES', 'assets/uploads/category_image/1592636875-5319.png', NULL, '2020-06-11 14:52:49', '2020-06-20 09:07:55'),
(31, 1, 'FOREIGN EXCHANGE', 'assets/uploads/category_image/1592636868-6639.png', NULL, '2020-06-11 14:52:56', '2020-06-20 09:07:48'),
(32, 1, 'GYMNASIUM', 'assets/uploads/category_image/1592636862-7077.png', NULL, '2020-06-11 14:53:06', '2020-06-20 09:07:42'),
(33, 1, 'KEY CARDS', 'assets/uploads/category_image/1592636856-9230.png', NULL, '2020-06-11 14:53:16', '2020-06-20 09:07:36'),
(34, 1, 'LIFTS', 'assets/uploads/category_image/1592636850-3070.png', NULL, '2020-06-11 14:53:26', '2020-06-20 09:07:30'),
(35, 1, 'LAUNDRY', 'assets/uploads/category_image/1592636824-4008.png', NULL, '2020-06-11 14:53:36', '2020-06-20 09:07:04'),
(36, 1, 'LOST AND FOUND', 'assets/uploads/category_image/1592636811-9205.png', NULL, '2020-06-11 14:53:44', '2020-06-20 09:06:51'),
(37, 1, 'LUGGAGE TROLLYS', 'assets/uploads/category_image/1592636804-4231.png', NULL, '2020-06-11 14:53:51', '2020-06-20 09:06:44'),
(38, 1, 'MAILING SERVICES', 'assets/uploads/category_image/1592636797-8383.png', NULL, '2020-06-11 14:53:59', '2020-06-20 09:06:37'),
(39, 1, 'MAINTENENCE', 'assets/uploads/category_image/1592636789-8987.png', NULL, '2020-06-11 14:54:13', '2020-06-20 09:06:29'),
(40, 1, 'NEWSPAPERS', 'assets/uploads/category_image/1592636782-9654.png', NULL, '2020-06-11 14:54:22', '2020-06-20 09:06:22'),
(41, 1, 'NONSMOKING APARTMENTS AND FACILITIES', 'assets/uploads/category_image/1592636775-5876.png', NULL, '2020-06-11 14:54:31', '2020-06-20 09:06:15'),
(42, 1, 'NOISE', 'assets/uploads/category_image/1592636768-5527.png', NULL, '2020-06-11 14:54:38', '2020-06-20 09:06:08'),
(43, 1, 'PETS', 'assets/uploads/category_image/1592636761-9326.png', NULL, '2020-06-11 14:54:48', '2020-06-20 09:06:01'),
(44, 1, 'PHOTOCOPYING', 'assets/uploads/category_image/1592636755-6106.png', NULL, '2020-06-11 14:54:59', '2020-06-20 09:05:55'),
(45, 1, 'PRINTING', 'assets/uploads/category_image/1592636730-7823.png', NULL, '2020-06-11 14:55:06', '2020-06-20 09:05:30'),
(46, 1, 'PRIVACY', 'assets/uploads/category_image/1592636724-6167.png', NULL, '2020-06-11 14:55:20', '2020-06-20 09:05:24'),
(47, 1, 'RESERVATIONS', 'assets/uploads/category_image/1592636717-1971.png', NULL, '2020-06-11 14:55:31', '2020-06-20 09:05:17'),
(48, 1, 'SAFETY DEPOSIT BOXES', 'assets/uploads/category_image/1592636709-2427.png', NULL, '2020-06-11 14:55:40', '2020-06-20 09:05:09'),
(49, 1, 'SECURITY', 'assets/uploads/category_image/1592636703-9545.png', NULL, '2020-06-11 14:55:48', '2020-06-20 09:05:03'),
(50, 1, 'SERVICING OF APARTMENT', 'assets/uploads/category_image/1592636696-2920.png', NULL, '2020-06-11 14:55:59', '2020-06-20 09:04:56'),
(51, 1, 'TAXI', 'assets/uploads/category_image/1592636688-1398.png', NULL, '2020-06-11 14:56:06', '2020-06-20 09:04:48'),
(52, 1, 'TOWELS', 'assets/uploads/category_image/1592636682-4888.png', NULL, '2020-06-11 14:56:14', '2020-06-20 09:04:42'),
(53, 1, 'UMBRELLAS', 'assets/uploads/category_image/1592636674-4553.png', NULL, '2020-06-11 14:56:26', '2020-06-20 09:04:34'),
(54, 1, 'VISITORS TO YOUR APARTMENT', 'assets/uploads/category_image/1592636668-7452.png', NULL, '2020-06-11 14:56:34', '2020-06-20 09:04:28'),
(55, 1, 'WAKE UP CALLS', 'assets/uploads/category_image/1592636617-6354.png', NULL, '2020-06-11 14:56:42', '2020-06-20 09:03:37'),
(56, 1, 'GENERAL INFORMATION', 'assets/uploads/category_image/1592636611-6215.png', NULL, '2020-06-11 14:56:56', '2020-06-20 09:03:31'),
(57, 3, 'LAUNDRY', 'assets/uploads/category_image/1592636605-4208.png', NULL, '2020-06-11 14:57:08', '2020-06-20 09:03:25'),
(58, 3, 'FIRE EVACUATION PROCEDURES', 'assets/uploads/category_image/1592636597-4933.png', NULL, '2020-06-11 14:57:17', '2020-06-20 09:03:17'),
(59, 3, 'FIRST AID', 'assets/uploads/category_image/1592636590-3824.png', NULL, '2020-06-11 14:57:27', '2020-06-20 09:03:10'),
(60, 3, 'HOUSEKEEPING', 'assets/uploads/category_image/1592636580-1954.png', NULL, '2020-06-11 14:57:57', '2020-06-20 09:03:00'),
(61, 3, 'INCOMING MAIL', 'assets/uploads/category_image/1592636572-4135.png', NULL, '2020-06-11 14:58:06', '2020-06-20 09:02:52'),
(62, 3, 'WEATHER', 'assets/uploads/category_image/1592636563-4651.png', NULL, '2020-06-11 14:58:15', '2020-06-20 09:02:43'),
(63, 5, 'CONFERENCE ROOM', 'assets/uploads/category_image/1592636531-3163.png', NULL, '2020-06-11 14:58:37', '2020-06-20 09:02:11'),
(64, 5, 'INTERNET', 'assets/uploads/category_image/1592636474-5102.png', NULL, '2020-06-11 14:58:46', '2020-06-20 09:01:14'),
(65, 4, 'BREAKFAST', 'assets/uploads/category_image/1592636447-2068.png', NULL, '2020-06-11 14:59:06', '2020-06-20 09:00:47'),
(66, 4, 'LUNCH AND DINNER', 'assets/uploads/category_image/1592636436-5584.png', NULL, '2020-06-11 14:59:28', '2020-06-20 09:00:36'),
(67, 2, 'AIRPORTS', 'assets/uploads/category_image/1592636372-9047.png', NULL, '2020-06-11 14:59:39', '2020-06-20 08:59:32'),
(68, 2, 'AUTOMATIC TELLER MACHINES (ATM) LOCATION', 'assets/uploads/category_image/1592636363-5452.png', NULL, '2020-06-11 14:59:49', '2020-06-20 08:59:23'),
(69, 2, 'BEAUTICIAN', 'assets/uploads/category_image/1592636357-8787.png', NULL, '2020-06-11 15:00:00', '2020-06-20 08:59:17'),
(70, 2, 'CHEMISTS', 'assets/uploads/category_image/1592636349-7191.png', NULL, '2020-06-11 15:00:09', '2020-06-20 08:59:09'),
(71, 2, 'CINEMAS', 'assets/uploads/category_image/1592636334-8611.png', NULL, '2020-06-11 15:00:18', '2020-06-20 08:58:54'),
(72, 2, 'DOCTORS', 'assets/uploads/category_image/1592636328-6543.png', NULL, '2020-06-11 15:00:27', '2020-06-20 08:58:48'),
(73, 2, 'DENTIST', 'assets/uploads/category_image/1592636322-8532.png', NULL, '2020-06-11 15:00:37', '2020-06-20 08:58:42'),
(74, 2, 'GOLF COURSES', 'assets/uploads/category_image/1592636316-8129.png', NULL, '2020-06-11 15:00:50', '2020-06-20 08:58:36'),
(75, 2, 'HAIRDRESSERS', 'assets/uploads/category_image/1592636289-4553.png', NULL, '2020-06-11 15:01:01', '2020-06-20 08:58:09'),
(76, 2, 'HOSPITAL', 'assets/uploads/category_image/1592636279-7005.png', NULL, '2020-06-11 15:01:11', '2020-06-20 08:57:59'),
(77, 2, 'LIBRARY', 'assets/uploads/category_image/1592636273-7509.png', NULL, '2020-06-11 15:01:20', '2020-06-20 08:57:53'),
(78, 2, 'NEWSAGENCY', 'assets/uploads/category_image/1592636264-5226.png', NULL, '2020-06-11 15:01:31', '2020-06-20 08:57:44'),
(79, 2, 'POST OFFICE', 'assets/uploads/category_image/1592636258-2413.png', NULL, '2020-06-11 15:01:38', '2020-06-20 08:57:38'),
(80, 2, 'RESTAURANTS', 'assets/uploads/category_image/1592636249-1580.png', NULL, '2020-06-11 15:01:46', '2020-06-20 08:57:29'),
(81, 2, 'SHOPPING CENTRES AND PRECINCTS', 'assets/uploads/category_image/1592636243-8719.jpg', NULL, '2020-06-11 15:01:54', '2020-06-20 08:57:23'),
(82, 2, 'SUPERMARKETS', 'assets/uploads/category_image/1592636237-5020.png', NULL, '2020-06-11 15:02:01', '2020-06-20 08:57:17'),
(83, 2, 'SWIMMING POOLS', 'assets/uploads/category_image/1592636230-7231.png', NULL, '2020-06-11 15:02:09', '2020-06-20 08:57:10'),
(84, 2, 'TOURIST INFORMATION AND VISITOR CENTRE', 'assets/uploads/category_image/1592636201-8108.png', NULL, '2020-06-11 15:02:18', '2020-06-20 08:56:41');

-- --------------------------------------------------------

--
-- Table structure for table `facilities`
--

CREATE TABLE `facilities` (
  `id` int(11) NOT NULL,
  `fiMenuId` int(11) DEFAULT NULL,
  `fiCategoryId` int(11) NOT NULL DEFAULT '1',
  `fsTitle` varchar(255) DEFAULT NULL,
  `fsImage` mediumtext,
  `fsBannerImage` mediumtext,
  `fsDescription` text,
  `fiStatus` int(11) DEFAULT NULL,
  `fdCreateDate` datetime DEFAULT NULL,
  `fdUpdateDate` datetime DEFAULT NULL
) ENGINE=InnoDB DEFAULT CHARSET=latin1;

--
-- Dumping data for table `facilities`
--

INSERT INTO `facilities` (`id`, `fiMenuId`, `fiCategoryId`, `fsTitle`, `fsImage`, `fsBannerImage`, `fsDescription`, `fiStatus`, `fdCreateDate`, `fdUpdateDate`) VALUES
(1, 1, 1, 'AIR CONDITIONING AND HEATING', 'assets/uploads/facilities_image/icon/1592638189-3193.png', 'assets/uploads/facilities_image/1592024420-1665.jpg', '<p>All apartments offer individually controlled reverse cycle air conditioning/heating units allowing you to regulate the apartment temperature for your own comfort.  The units are controlled with an individual remote control located on the wall adjacent to the apartment entry door. To operate, press the ON button. To select the desired temperature use the UP and DOWN arrows.  Please do not leave balcony doors open whist air conditioning is on, or use a temperature setting below 20, as the unit will freeze and become non-operational. Please turn off air conditioning when leaving your apartment.</p>\r\n\r\n<p>In the event that you require assistance, please contact Reception.</p>', NULL, '2020-03-19 11:51:35', '2020-06-20 09:29:49'),
(2, 1, 2, 'ALARM CLOCK (CLOCK RADIO)', 'assets/uploads/facilities_image/icon/1592638185-4982.png', 'assets/uploads/facilities_image/1592024409-8139.jpg', '<p>Alarm clock is located on the bedside table. If you require assistance, please contact Reception. A radio is built into your clock radio.</p>', NULL, '2020-03-19 11:51:54', '2020-06-20 09:29:45'),
(3, 1, 3, 'BALCONIES', 'assets/uploads/facilities_image/icon/1592638176-7604.png', 'assets/uploads/facilities_image/1592024403-8739.jpg', '<p>We recommend that you keep your balcony doors locked for security when you are not in the apartment and also at night time. Please do not leave balcony doors open whilst air conditioner is on.</p>', NULL, '2020-03-19 11:52:07', '2020-06-20 09:29:36'),
(4, 1, 4, 'COFFEE AND TEA FACILITIES', 'assets/uploads/facilities_image/icon/1592638172-6477.png', 'assets/uploads/facilities_image/1592024397-8249.jpg', '<p>Coffee and tea making facilities are available in your kitchen and are replenished daily except for Sundays and Public Holidays. Should you require replacement stocks, please contact Reception.</p>', NULL, '2020-03-19 11:52:21', '2020-06-20 09:29:32'),
(5, 1, 5, 'COMPUTER CONNECTION (DATA PORTS)', 'assets/uploads/facilities_image/icon/1592638153-3079.png', 'assets/uploads/facilities_image/1592024380-1342.jpg', '<p>Each apartment offers you a dedicated modem line and a broadband line located above the desk. To use your computer on the Broadband connection, please connect the provided cable to your network port and open your web browser. The screen will prompt you further. For assistance, please refer to the instructions card located on your desk.<br>\r\n </p>\r\n\r\n<p><strong>Internet package includes:</strong></p>\r\n\r\n<p>200 MB per day of complimentary internet access for basic use is provided. Extended times and capacity are available, however subject to additional charges. Please see our friendly reception team for further information.</p>', NULL, '2020-03-19 11:52:32', '2020-06-20 09:29:13'),
(7, 1, 6, 'COOKTOP, RANGEHOOD AND OVEN', 'assets/uploads/facilities_image/icon/1592638147-4193.png', 'assets/uploads/facilities_image/1592024372-4469.jpg', '<p><strong><em>To Operate the Cook Top:</em></strong></p>\r\n\r\n<p>Select the desired setting by turning the knob for the plate you wish to use. Please note an isolator switch is located in the splashback, please ensure this is switched on prior to use.</p>\r\n\r\n<p><strong><em>To Operate the Range Hood:</em></strong></p>\r\n\r\n<p>Pull the range hood towards you, the fan speed and lights are controlled via buttons on the right hand side of the range hood.</p>\r\n\r\n<p><strong><em>To Operate the Oven:</em></strong></p>\r\n\r\n<p>Turn the dial to the desired temperature. The oven indicator light will come on. Adjust the timer to the desired cooking time. The oven will turn off when the timer stops.</p>', NULL, '2020-03-19 11:54:42', '2020-06-20 09:29:07'),
(8, 1, 7, 'DISHWASHER', 'assets/uploads/facilities_image/icon/1592638141-8497.png', 'assets/uploads/facilities_image/1592024363-2141.jpg', '<p>A dishwashing powder tablet is located in the cupboard under the sink in the kitchen.</p>\r\n\r\n<p><strong><em>To operate the dishwasher</em></strong></p>\r\n\r\n<p>Load the dishwasher with soiled crockery and cutlery. Place the dishwashing powder tablet into the dispenser on the inside of door and close the dishwasher door.  Turn the dishwasher on and then select the program you wish to run.</p>', NULL, '2020-03-19 11:54:57', '2020-06-20 09:29:01'),
(9, 1, 8, 'DVD PLAYER', 'assets/uploads/facilities_image/icon/1592638131-9109.png', 'assets/uploads/facilities_image/1592024354-2355.jpg', '<p><strong><em>To operate the DVD Player with the TV on:</em></strong></p>\r\n\r\n<ul>\r\n <li>Press the SOURCE button on the TV remote</li>\r\n <li>Select DVD then turn the stereo unit on and press DVD</li>\r\n <li>Place the DVD into the unit and press play</li>\r\n</ul>', NULL, '2020-03-19 11:55:17', '2020-06-20 09:28:51'),
(10, 1, 9, 'HAIRDRYER', 'assets/uploads/facilities_image/icon/1592638123-8595.png', 'assets/uploads/facilities_image/1592024347-3664.jpg', '<p>The hairdryer is located in the vanity cupboard of each bathroom.</p>', NULL, '2020-03-19 11:55:33', '2020-06-20 09:28:43'),
(11, 1, 10, 'HEATING', 'assets/uploads/facilities_image/icon/1592638111-8671.png', 'assets/uploads/facilities_image/1592024338-1774.jpg', '<p>See “Air Conditioning and heating” in this section.</p>', NULL, '2020-03-19 11:55:42', '2020-06-20 09:28:31'),
(12, 1, 11, 'iPOD DOCK', 'assets/uploads/facilities_image/icon/1592638105-5264.png', 'assets/uploads/facilities_image/1592024332-5023.jpg', '<p>iPod docks are located under the TV unit in your apartment. If you require assistance, please contact Reception.</p>', NULL, '2020-03-19 11:55:58', '2020-06-20 09:28:25'),
(13, 1, 12, 'IRONING FACILITIES', 'assets/uploads/facilities_image/icon/1592638100-5637.png', 'assets/uploads/facilities_image/1592024325-5215.jpg', '<p>An iron and ironing board are located inside the wardrobe of your apartment. To turn on, turn dial clockwise and select the desired fabric. Please ensure the iron is turned off when not in use.</p>', NULL, '2020-03-19 11:56:12', '2020-06-20 09:28:20'),
(14, 1, 13, 'MICROWAVE OVEN', 'assets/uploads/facilities_image/icon/1592638082-3852.png', 'assets/uploads/facilities_image/1592024312-4408.jpg', '<p>Please do not use metal utensils in the microwave. Place food in a microwave safe dish. Select the time required and power setting, then press “START”. Please Note: all crockery provided in your room is microwave safe. Splatter lids are located in all apartments for use.</p>', NULL, '2020-03-19 12:01:21', '2020-06-20 09:28:02'),
(15, 1, 14, 'TELEPHONE SERVICES', 'assets/uploads/facilities_image/icon/1592638075-5511.png', 'assets/uploads/facilities_image/1592024304-4457.jpg', '<p>The information provided in this directory is to assist you when making local, interstate or international telephone calls. Local telephone directories are in the drawer of your desk. Charges for outside calls will automatically be registered to your account. Should you require further assistance, please do not hesitate to contact Reception.</p>\r\n\r\n<p><strong><em>Billing</em></strong></p>\r\n\r\n<p>All local calls are $0.80 per call. Interstate and international calls are billed at house pulse rates.</p>\r\n\r\n<p><strong><em>Dialling an apartment from inside the property</em></strong></p>\r\n\r\n<p>To call another apartment please dial the apartment number. For apartments ending with the letter ‘B’ add 50 to the apartment number. For example to call apartment 101B, dial 151.</p>\r\n\r\n<p><strong><em>Dialling an apartment from outside the property</em></strong></p>\r\n\r\n<p>Each apartment can be called directly from outside the property. To find out your direct dial number, please refer to your telephone set or contact Reception by dialling 9. </p>\r\n\r\n<p><strong><em>To make an outside call</em></strong></p>\r\n\r\n<p>You can dial direct for all local, interstate and international calls. To make an outside call, please dial ‘0’ first before dialling the designated number.</p>\r\n\r\n<p><strong><em>Dialling Interstate (STD) or International (IDD) numbers</em></strong></p>\r\n\r\n<p>For calls outside Victoria and within Australia; Dial ‘0’ for an outside line.  Dial the relevant STD code then dial the number required.</p>\r\n\r\n<p><strong><em>Interstate (STD) Codes</em></strong></p>\r\n\r\n<table cellspacing=\"0\">\r\n <tbody>\r\n  <tr>\r\n   <td>\r\n   <p>ADELAIDE (South Australia)</p>\r\n   </td>\r\n   <td>\r\n   <p>08</p>\r\n   </td>\r\n   <td>\r\n   <p>HOBART (Tasmania)</p>\r\n   </td>\r\n   <td>\r\n   <p>03</p>\r\n   </td>\r\n  </tr>\r\n  <tr>\r\n   <td>\r\n   <p>BRISBANE (Queensland)</p>\r\n   </td>\r\n   <td>\r\n   <p>07</p>\r\n   </td>\r\n   <td>\r\n   <p>MELBOURNE (Victoria)</p>\r\n   </td>\r\n   <td>\r\n   <p>03</p>\r\n   </td>\r\n  </tr>\r\n  <tr>\r\n   <td>\r\n   <p>CANBERRA (Australian Capital Territory)</p>\r\n   </td>\r\n   <td>\r\n   <p>02</p>\r\n   </td>\r\n   <td>\r\n   <p>PERTH (Western Australia)</p>\r\n   </td>\r\n   <td>\r\n   <p>08</p>\r\n   </td>\r\n  </tr>\r\n  <tr>\r\n   <td>\r\n   <p>DARWIN (Northern Territory)</p>\r\n   </td>\r\n   <td>\r\n   <p>08</p>\r\n   </td>\r\n   <td>\r\n   <p>SYDNEY (New South Wales)</p>\r\n   </td>\r\n   <td>\r\n   <p>02</p>\r\n   </td>\r\n  </tr>\r\n </tbody>\r\n</table>\r\n\r\n<p><br>\r\n<strong><em>Dialing International (IDD) Calls</em></strong></p>\r\n\r\n<p>For calls outside Australia: Dial ‘0’ for an outside line, then ‘0011’ and the relevant country code, area code and then dial the number required.</p>\r\n\r\n<p>An example call to New York would be:</p>\r\n\r\n<p>Outside Line       IDD Access          Country Code                    Area Code           Local Number</p>\r\n\r\n<p>           0                     0011                     1                                      212                      555 0000</p>\r\n\r\n<p><br>\r\n<strong><em>International Codes</em></strong></p>\r\n\r\n<p>A list of country codes can be found in the back of the Yellow Pages. Australia’s country code is 61. Other country codes you may require are:</p>\r\n\r\n<table cellspacing=\"0\">\r\n <tbody>\r\n  <tr>\r\n   <td>\r\n   <p>Austria</p>\r\n   </td>\r\n   <td>\r\n   <p>43</p>\r\n   </td>\r\n   <td>\r\n   <p>Canada</p>\r\n   </td>\r\n   <td>\r\n   <p>1</p>\r\n   </td>\r\n  </tr>\r\n  <tr>\r\n   <td>\r\n   <p>China</p>\r\n   </td>\r\n   <td>\r\n   <p>86</p>\r\n   </td>\r\n   <td>\r\n   <p>Denmark</p>\r\n   </td>\r\n   <td>\r\n   <p>45</p>\r\n   </td>\r\n  </tr>\r\n  <tr>\r\n   <td>\r\n   <p>Egypt</p>\r\n   </td>\r\n   <td>\r\n   <p>20</p>\r\n   </td>\r\n   <td>\r\n   <p>Fiji</p>\r\n   </td>\r\n   <td>\r\n   <p>679</p>\r\n   </td>\r\n  </tr>\r\n  <tr>\r\n   <td>\r\n   <p>France</p>\r\n   </td>\r\n   <td>\r\n   <p>33</p>\r\n   </td>\r\n   <td>\r\n   <p>Germany</p>\r\n   </td>\r\n   <td>\r\n   <p>49</p>\r\n   </td>\r\n  </tr>\r\n  <tr>\r\n   <td>\r\n   <p>Greece</p>\r\n   </td>\r\n   <td>\r\n   <p>30</p>\r\n   </td>\r\n   <td>\r\n   <p>Hong Kong</p>\r\n   </td>\r\n   <td>\r\n   <p>852</p>\r\n   </td>\r\n  </tr>\r\n  <tr>\r\n   <td>\r\n   <p>India</p>\r\n   </td>\r\n   <td>\r\n   <p>91</p>\r\n   </td>\r\n   <td>\r\n   <p>Indonesia</p>\r\n   </td>\r\n   <td>\r\n   <p>62</p>\r\n   </td>\r\n  </tr>\r\n  <tr>\r\n   <td>\r\n   <p>Ireland</p>\r\n   </td>\r\n   <td>\r\n   <p>353</p>\r\n   </td>\r\n   <td>\r\n   <p>Italy</p>\r\n   </td>\r\n   <td>\r\n   <p>39</p>\r\n   </td>\r\n  </tr>\r\n  <tr>\r\n   <td>\r\n   <p>Japan</p>\r\n   </td>\r\n   <td>\r\n   <p>81</p>\r\n   </td>\r\n   <td>\r\n   <p>Kenya</p>\r\n   </td>\r\n   <td>\r\n   <p>254</p>\r\n   </td>\r\n  </tr>\r\n  <tr>\r\n   <td>\r\n   <p>Malaysia</p>\r\n   </td>\r\n   <td>\r\n   <p>60</p>\r\n   </td>\r\n   <td>\r\n   <p>New Zealand</p>\r\n   </td>\r\n   <td>\r\n   <p>64</p>\r\n   </td>\r\n  </tr>\r\n  <tr>\r\n   <td>\r\n   <p>Philippines</p>\r\n   </td>\r\n   <td>\r\n   <p>63</p>\r\n   </td>\r\n   <td>\r\n   <p>Singapore</p>\r\n   </td>\r\n   <td>\r\n   <p>65</p>\r\n   </td>\r\n  </tr>\r\n  <tr>\r\n   <td>\r\n   <p>South Africa</p>\r\n   </td>\r\n   <td>\r\n   <p>27</p>\r\n   </td>\r\n   <td>\r\n   <p>Switzerland</p>\r\n   </td>\r\n   <td>\r\n   <p>268</p>\r\n   </td>\r\n  </tr>\r\n  <tr>\r\n   <td>\r\n   <p>Taiwan</p>\r\n   </td>\r\n   <td>\r\n   <p>886</p>\r\n   </td>\r\n   <td>\r\n   <p>Thailand</p>\r\n   </td>\r\n   <td>\r\n   <p>66</p>\r\n   </td>\r\n  </tr>\r\n  <tr>\r\n   <td>\r\n   <p>UAE</p>\r\n   </td>\r\n   <td>\r\n   <p>971</p>\r\n   </td>\r\n   <td>\r\n   <p>UK</p>\r\n   </td>\r\n   <td>\r\n   <p>44</p>\r\n   </td>\r\n  </tr>\r\n  <tr>\r\n   <td>\r\n   <p>USA</p>\r\n   </td>\r\n   <td>\r\n   <p>1</p>\r\n   </td>\r\n   <td>\r\n   <p>Vietnam</p>\r\n   </td>\r\n   <td>\r\n   <p>84</p>\r\n   </td>\r\n  </tr>\r\n  <tr>\r\n   <td>\r\n   <p>East Timor</p>\r\n   </td>\r\n   <td>\r\n   <p>670</p>\r\n   </td>\r\n   <td>\r\n   <p> </p>\r\n   </td>\r\n   <td>\r\n   <p> </p>\r\n   </td>\r\n  </tr>\r\n </tbody>\r\n</table>', NULL, '2020-03-19 12:01:32', '2020-06-20 09:27:55'),
(16, 1, 15, 'TELEVISION', 'assets/uploads/facilities_image/icon/1592638069-7578.png', 'assets/uploads/facilities_image/1592024263-9502.jpg', '<p>Your apartment features a LCD television in the living area that has been programmed to receive all digital free to air channels available, as well as Movies on Demand. Movies can be purchased for $2 a movie or $5 for unlimited movies per day. We also have option on your TV to log into Netflix with your own login details. </p>\r\n\r\n<p>You can activate you TV by pressing the ‘Power’ button on your remote control.  To select a channel, select the ‘Fav’ button and use the up/down arrows in the centre of the remote to move through each option of both free to air and movies.</p>\r\n\r\n<p>Should you experience any difficulty in accessing channels, please contact reception.</p>', NULL, '2020-03-19 12:07:53', '2020-06-20 09:27:49'),
(17, 1, 16, 'WASHER – DRYER', 'assets/uploads/facilities_image/icon/1592638059-5985.png', 'assets/uploads/facilities_image/1592024254-8057.jpg', '<p>A washing machine and clothes dryer are provided in the One and Two bedroom apartments. There are also complementary laundry facilities on the first floor for the use of all guests, particularly those in studio apartments.  Washing powder is provided in your apartment, additional powder is available from Reception.</p>\r\n\r\n<p>Please Note: Front loading washing machines only require half of each sachet contents.</p>\r\n\r\n<p>For Dry Cleaning Services, please refer to the Dry-Cleaning Section in this compendium.</p>\r\n\r\n<p><br>\r\n<strong><em>To operate the front loading Washing Machine:</em></strong></p>\r\n\r\n<ul>\r\n <li>Open the door and load clothes into the machine drum</li>\r\n <li>Open washing machine detergent drawer and empty one half of sachet content into the left hand side compartment and close drawer</li>\r\n <li>Press the on/off button</li>\r\n <li>Using the program selection dial, choose the appropriate cycle for your laundry</li>\r\n <li>Press the start/pause button to start the program</li>\r\n</ul>\r\n\r\n<p><strong><em>To operate the Dryer:</em></strong></p>\r\n\r\n<ul>\r\n <li>Load clothes into dryer and close door firmly</li>\r\n <li>Select the required temperature and time by turning the dial clockwise</li>\r\n <li>Push the start/pause button on the condenser dryer</li>\r\n</ul>', NULL, '2020-03-19 12:08:29', '2020-06-20 09:27:39'),
(18, 1, 17, 'ACCOUNT PAYMENT', 'assets/uploads/facilities_image/icon/1592638053-7000.png', 'assets/uploads/facilities_image/1592024246-5898.jpg', '<p>The preferred method of payment is by credit card or cash. Company accounts may be established by prior arrangements with Management.</p>', NULL, '2020-03-19 12:08:40', '2020-06-20 09:27:33'),
(19, 1, 18, 'ADAPTORS AND TRANSFORMERS', 'assets/uploads/facilities_image/icon/1592638047-9755.png', 'assets/uploads/facilities_image/1592024239-8768.jpg', '<p>The electrical current is 240 volts AC at 50 Hz. International adaptors are available from Reception. A $20 hire deposit is refundable upon return of the item.</p>', NULL, '2020-03-19 12:08:52', '2020-06-20 09:27:27'),
(20, 1, 19, 'BAGGAGE SERVICES AND STORAGE', 'assets/uploads/facilities_image/icon/1592638042-3089.png', 'assets/uploads/facilities_image/1592024231-1489.jpg', '<p>Guests are welcome to leave luggage at Reception on the day of departure for later collection. Please contact Reception for assistance.</p>', NULL, '2020-03-19 12:09:05', '2020-06-20 09:27:22'),
(21, 1, 20, 'BREAKFAST', 'assets/uploads/facilities_image/icon/1592638036-3719.png', 'assets/uploads/facilities_image/1592021967-1995.jpg', '<p>Please refer to the Dining Options section in the compendium.</p>', NULL, '2020-03-19 12:09:17', '2020-06-20 09:27:16'),
(22, 1, 21, 'BUSINESS CENTRE', 'assets/uploads/facilities_image/icon/1592638031-1406.png', 'assets/uploads/facilities_image/1592024220-8935.jpg', '<p>A complete range of business services are available, including; scanning, courier, photocopying, facsimile, word processing and typing.</p>\r\n\r\n<p>Please contact Reception for more information.</p>', NULL, '2020-03-19 12:09:29', '2020-06-20 09:27:11'),
(23, 1, 22, 'TRAINS, TRAMS & BUSES', 'assets/uploads/facilities_image/icon/1592638024-1944.png', 'assets/uploads/facilities_image/1592024213-1857.jpg', '<p>The Williamson Road/Wests Road tram stop (Tram # 82) is the closest public transport stop to Quest Maribyrnong, located directly behind the hotel. This takes guests directly to Footscray Train station via Highpoint Shopping Centre. The Raleigh Road/Wests Road tram stop (Tram # 57) located approx 600m from the hotel takes guests directly into Melbourne CBD. Full timetables and directions are available from Reception. </p>', NULL, '2020-03-19 12:09:43', '2020-06-20 09:27:04'),
(27, 1, 23, 'CAR PARKING.', 'assets/uploads/facilities_image/icon/1592638017-7451.png', 'assets/uploads/facilities_image/1592024205-7405.jpg', '<p>Secure onsite parking is available to guests, with direct apartment access at a nightly fee of $15.00 per vehicle. To open the guest parking gate please use your apartment guest key card on the right hand side of the driveway entry. Your car registration number details are required at the time of check-in. Quest Maribyrnong accepts no responsibility for guest cars parked in the car park.</p>', NULL, '2020-03-19 12:20:46', '2020-06-20 09:26:57'),
(28, 1, 24, 'CHECK OUT TIME', 'assets/uploads/facilities_image/icon/1592638011-3879.png', 'assets/uploads/facilities_image/1592024197-2284.jpg', '<p>Check Out time is 10:00am. Please contact reception to arrange a late checkout (subject to availability). Please note there is a $10 per hour fee if checking out between 10am - 12pm, and $25 for every hour after that until 2pm. The full nightly rate will then apply from 2pm onwards. If no prior arrangements have been made, we reserve the right to charge a late checkout fee.</p>', NULL, '2020-03-19 12:21:04', '2020-06-20 09:26:51'),
(29, 1, 25, 'CHILDREN', 'assets/uploads/facilities_image/icon/1592637963-4839.png', 'assets/uploads/facilities_image/1592024169-6126.jpg', '<p><strong><em>Baby Sitting Booking Service</em></strong></p>\r\n\r\n<p>Below is a suggested local babysitting service, however, guests should organise this arrangement directly with the babysitting service.</p>\r\n\r\n<p> </p>\r\n\r\n<p><strong>City Baby Sitters</strong></p>\r\n\r\n<p>Phone                   0466 201 589</p>\r\n\r\n<p>Website               <a href=\"http://www.citybabysitters.com.au/home\">http://www.citybabysitters.com.au/home</a></p>\r\n\r\n<p>Email                     bookings@citybabysitters.com.au</p>\r\n\r\n<p> </p>\r\n\r\n<p><strong><em>Cots, Highchairs and Baby Baths</em></strong></p>\r\n\r\n<p>Baby Kit including cots, baby linen, baby baths and high chairs are available on a complimentary basis.</p>', NULL, '2020-03-19 12:21:24', '2020-06-20 09:26:03'),
(30, 1, 26, 'DISABLED FACILITIES', 'assets/uploads/facilities_image/icon/1592637957-5689.png', 'assets/uploads/facilities_image/1592024159-2551.jpg', '<p>Quest Maribyrnong provides full wheelchair access into the property and offers full access apartments. Please contact Reception for more information.</p>', NULL, '2020-03-19 12:21:45', '2020-06-20 09:25:57'),
(31, 1, 27, 'DRY CLEANING, LAUNDRY AND PRESSING', 'assets/uploads/facilities_image/icon/1592637947-5972.png', 'assets/uploads/facilities_image/1592024148-6925.jpg', '<p>A same day dry cleaning service is available Monday to Saturday, excluding public holidays.  Laundry bags and dockets are located in your apartment wardrobe. Please complete the docket and take your dry cleaning to Reception before 9:00am for delivery the same afternoon. For additional laundry items outside of the nominated times, please contact Reception.</p>', NULL, '2020-03-19 12:21:59', '2020-06-20 09:25:47'),
(32, 1, 28, 'EMAIL', 'assets/uploads/facilities_image/icon/1592637942-3537.png', 'assets/uploads/facilities_image/1592024142-7278.jpg', '<p>Guests may receive email while staying at Quest Maribyrnong. Guest emails are to be addressed to <a href=\"mailto:questmaribynong@questapartments.com.au\">questmaribynong@questapartments.com.au</a>. Please request the sender to note “GUEST EMAIL FOR ****” in the subject line.</p>', NULL, '2020-03-19 12:22:13', '2020-06-20 09:25:42'),
(33, 1, 29, 'EMERGENCY', 'assets/uploads/facilities_image/icon/1592637935-4942.png', 'assets/uploads/facilities_image/1592024136-4552.jpg', '<p>In the event of an emergency, please contact reception immediately.  It is important that guests familiarise themselves with the emergency procedures displayed on the back of your apartment door.</p>\r\n\r\n<p>For after hour emergencies, please contact Quest Maribyrnong by dialling 9 and follow the prompts.  For immediate assistance, please contact Emergency Services by dialling 000.</p>', NULL, '2020-03-19 12:22:25', '2020-06-20 09:25:35'),
(34, 1, 30, 'FACSIMILE SERVICES', 'assets/uploads/facilities_image/icon/1592637929-3503.png', 'assets/uploads/facilities_image/1592472866-9823.jpg', '<p>The main facsimile number for Quest Maribyrnong is +61 3 9070 2223. Any fax documents received, to your attention, will be delivered to your room. Receiving faxed documents is complimentary. Guests may fax documents. A charge of $2.00 for the first page and $1.00 for subsequent pages applies.</p>', NULL, '2020-03-19 12:22:44', '2020-06-20 09:25:29'),
(35, 1, 31, 'FOREIGN EXCHANGE', 'assets/uploads/facilities_image/icon/1592637923-5763.png', 'assets/uploads/facilities_image/1592024127-4990.jpg', '<p>Highpoint Shopping Centre has a number of banks located throughout the shopping centre, who can assist with foreign exchange. Please see the Banks section for more information.</p>', NULL, '2020-03-19 12:22:53', '2020-06-20 09:25:23'),
(36, 1, 32, 'GYMNASIUM', 'assets/uploads/facilities_image/icon/1592637916-1130.png', 'assets/uploads/facilities_image/1592024118-6302.jpg', '<p>Quest Maribyrnong offers a complimentary Guest Gymnasium located on the first floor. The Guest Gymnasium is open from 6:30am to 10:00pm. To access the guest gymnasium, please use your apartment key card.</p>', NULL, '2020-03-19 12:23:04', '2020-06-20 09:25:16'),
(37, 1, 33, 'KEY CARDS', 'assets/uploads/facilities_image/icon/1592637910-2543.png', 'assets/uploads/facilities_image/1592024111-9609.jpg', '<p>For your convenience and security we ask that you retain your key card during your stay and return it upon checkout. Please report lost cards to Reception immediately.</p>', NULL, '2020-03-19 12:23:15', '2020-06-20 09:25:10'),
(38, 1, 34, 'LIFTS', 'assets/uploads/facilities_image/icon/1592637902-8378.png', 'assets/uploads/facilities_image/1592024104-6675.jpg', '<p>Quest Maribyrnong has two lift for guests’ convenience. Please do not use the lift in the event of a fire.</p>', NULL, '2020-03-19 12:23:27', '2020-06-20 09:25:02'),
(39, 1, 35, 'LAUNDRY', 'assets/uploads/facilities_image/icon/1592637821-6704.png', 'assets/uploads/facilities_image/1592024062-4900.jpg', '<p>A complimentary laundry is located on the first floor adjacent to the hotel gymnasium. Please see reception for additional laundry powder.</p>', NULL, '2020-03-19 12:26:45', '2020-06-20 09:23:41'),
(40, 1, 36, 'LOST AND FOUND', 'assets/uploads/facilities_image/icon/1592637829-1413.png', 'assets/uploads/facilities_image/1592024053-1874.jpg', '<p>Please hand any found items to RECEPTION.  Items are kept for a period of three months after which they will be disposed of at Management’s discretion. This is in accordance with Quest Apartment Hotels policies and procedures.</p>', NULL, '2020-03-19 12:26:55', '2020-06-20 09:23:49'),
(41, 1, 37, 'LUGGAGE TROLLYS', 'assets/uploads/facilities_image/icon/1592637835-1150.png', 'assets/uploads/facilities_image/1592024046-1308.jpg', '<p>A Luggage Trolley is available. Please contact Reception for assistance.</p>', NULL, '2020-03-19 12:27:10', '2020-06-20 09:23:55'),
(42, 1, 38, 'MAILING SERVICES', 'assets/uploads/facilities_image/icon/1592637840-8519.png', 'assets/uploads/facilities_image/1592024040-9640.jpg', '<p>Mailing and shipping of local and overseas articles and parcels can be arranged with Reception. Your mail will be delivered to your apartment daily. If mail is expected after your departure we will be pleased to accept a forwarding address.  For more information see \"Business Facilities and General Information” section of the compendium.</p>', NULL, '2020-03-19 12:27:23', '2020-06-20 09:24:00'),
(43, 1, 39, 'MAINTENENCE', 'assets/uploads/facilities_image/icon/1592637846-4047.png', 'assets/uploads/facilities_image/1592024024-5834.jpg', '<p>Should you experience any equipment failure in your apartment please contact Reception. Please note all guests are liable for any spillage, loss or damage to the appliances, furniture fixtures and all fittings in the apartment. Fair wear and tear is accepted. The cost of professional cleaning, if required, will be charged to the guest account.</p>', NULL, '2020-03-19 12:27:38', '2020-06-20 09:24:06'),
(44, 1, 40, 'NEWSPAPERS', 'assets/uploads/facilities_image/icon/1592637865-5402.png', 'assets/uploads/facilities_image/1591941708-6679.jpg', '<p>National and a local newspaper are available at Reception. If you would like a specific newspaper ordered and charged to your room, please advise Reception the day before. If you would like a morning paper delivered to your apartment please organise with Reception. A range of tourist papers are also available.</p>', NULL, '2020-03-19 12:27:51', '2020-06-20 09:24:25'),
(45, 1, 41, 'NONSMOKING APARTMENTS AND FACILITIES', 'assets/uploads/facilities_image/icon/1592637872-8010.png', 'assets/uploads/facilities_image/1591941700-2516.jpg', '<p>Quest Maribyrnong has a strict NO SMOKING POLICY in all apartments except for private balconies and designated outside smoking areas.  Please respect this for the comfort of other guests. A cost of $500.00 will be charged to your account if the policy is not adhered to. This is to cover the cleaning of carpets, curtains, cushions, blankets and throws. If smoking within the building triggers a fire alarm a minimum cost of $950.00 will apply.</p>', NULL, '2020-03-19 12:28:03', '2020-06-20 09:24:32'),
(46, 1, 42, 'NOISE', 'assets/uploads/facilities_image/icon/1592637881-7667.png', 'assets/uploads/facilities_image/1592047272-1512.jpg', '<p>In consideration of other guests, Quest Maribyrnong has a No party policy. NO loud noise is permitted in your apartment after 10:00pm.</p>\r\n\r\n<p>Quest Maribyrnong prides itself on providing a homely and relaxing environment for the benefit of all guests. Please ensure that your television, stereo and radio volumes are at a comfortable<a href=\"http://level.so\">level so</a> as not to disturb other guests. If at any time you are disturbed by noise from either within or outside the property please dial 9 to contact Reception or resident manager for after hours.></p>', NULL, '2020-03-19 12:28:46', '2020-06-20 09:24:41'),
(47, 1, 43, 'PETS', 'assets/uploads/facilities_image/icon/1592637888-1163.png', 'assets/uploads/facilities_image/1591941693-8799.jpg', '<p>We regret with the exception of service animals, pets are not permitted at Quest Maribyrnong.</p>', NULL, '2020-03-19 12:28:57', '2020-06-20 09:24:48'),
(48, 1, 44, 'PHOTOCOPYING', 'assets/uploads/facilities_image/icon/1592637895-4546.png', 'assets/uploads/facilities_image/1592023969-3913.jpg', '<p>A photocopying service is available upon request from Reception. A charge of $0.20 per page applies for mono and $1 per page for colour.</p>', NULL, '2020-03-19 12:29:08', '2020-06-20 09:24:55'),
(49, 1, 45, 'PRINTING', 'assets/uploads/facilities_image/icon/1592637777-8663.png', 'assets/uploads/facilities_image/1591941638-1637.jpg', '<p>Guests may print documents via Reception. A charge of $0.20 per page applies for mono and $1 per page for colour.</p>', NULL, '2020-03-19 12:29:19', '2020-06-20 09:22:57'),
(50, 1, 46, 'PRIVACY', 'assets/uploads/facilities_image/icon/1592637771-9037.png', 'assets/uploads/facilities_image/1591941625-5032.jpg', '<p>A “Do not disturb” sign is provided on the back of your apartment door. Please place the sign outside of your apartment door should you require privacy.</p>', NULL, '2020-03-19 12:29:31', '2020-06-20 09:22:51'),
(51, 1, 47, 'RESERVATIONS', 'assets/uploads/facilities_image/icon/1592637764-7239.png', 'assets/uploads/facilities_image/1591941616-9364.jpg', '<p>Our Reception staff will be pleased to assist you with future reservations at Quest Maribyrnong or any other Quest Serviced Apartment properties across Australia, New Zealand and Fiji.</p>', NULL, '2020-03-19 12:29:49', '2020-06-20 09:22:44'),
(52, 1, 48, 'SAFETY DEPOSIT BOXES', 'assets/uploads/facilities_image/icon/1592637756-2647.png', 'assets/uploads/facilities_image/1592023941-2008.jpg', '<p>Your apartment is equipped with a safety box, located in the bedroom wardrobe. For instructions on how to use the safety box, please see the back of your Guest Compendium.</p>', NULL, '2020-03-19 12:30:03', '2020-06-20 09:22:36'),
(53, 1, 49, 'SECURITY', 'assets/uploads/facilities_image/icon/1592637750-1701.png', 'assets/uploads/facilities_image/1591941592-2425.jpg', '<p>For your security the front doors are locked from 10:00pm – 7:00am. Overnight access can be gained with your apartment key card. Please use your key card for your own access only, and ensure others do not enter the property. Quest Maribyrnong features a video surveillance system for the safety of our guests. Please report any security issues immediately to Reception.</p>', NULL, '2020-03-19 12:30:19', '2020-06-20 09:22:30'),
(54, 1, 50, 'SERVICING OF APARTMENT', 'assets/uploads/facilities_image/icon/1592637740-2518.png', 'assets/uploads/facilities_image/1592023927-1832.jpg', '<p>Your apartment is serviced daily except for Sundays and Public Holidays unless otherwise arranged. Please report any spillages or accidental damage to Reception immediately as guests are responsible for any spillage loss or damage to the appliances, furniture and fixtures and all fittings in the apartment fair wear and tear is expected. Where professional cleaning is required the guest will be responsible for the costs.</p>', NULL, '2020-03-19 12:30:33', '2020-06-20 09:22:20'),
(55, 1, 51, 'TAXI', 'assets/uploads/facilities_image/icon/1592637732-4596.png', 'assets/uploads/facilities_image/1591941533-3532.jpg', '<p>Reception is pleased to arrange a taxi, shuttle or a limousine service to your desired location. Alternatively you can arrange a taxi by pressing the taxi dial option on your apartment phone.</p>', NULL, '2020-03-19 12:30:44', '2020-06-20 09:22:12'),
(56, 1, 52, 'TOWELS', 'assets/uploads/facilities_image/icon/1592637725-3849.png', 'assets/uploads/facilities_image/1591941525-7787.jpg', '<p>Extra towels can be obtained from Reception.</p>', NULL, '2020-03-19 12:30:54', '2020-06-20 09:22:05'),
(57, 1, 53, 'UMBRELLAS', 'assets/uploads/facilities_image/icon/1592637719-6696.png', 'assets/uploads/facilities_image/1591941518-7092.jpg', '<p>Umbrellas are available for hire from Reception. A $30.00 deposit will be refundable upon return of the item.  You are also welcome to purchase the umbrella.</p>', NULL, '2020-03-19 12:31:10', '2020-06-20 09:21:59'),
(58, 1, 54, 'VISITORS TO YOUR APARTMENT', 'assets/uploads/facilities_image/icon/1592637713-5850.png', 'assets/uploads/facilities_image/1591941512-5310.jpg', '<p>For your safety and security we recommend that all visitors register at Reception. After <a href=\"http://midnight.no\">10pm no</a> visitors are permitted at the property except for registered guests for the safety and security of all in-house guests.  No parties or large groups of people are permitted in the apartments without prior approval by Management. Quest Maribyrnong has a NO PARTY POLICY. Guest will be asked to leave the property if this policy is not adhered to.</p>', NULL, '2020-03-19 12:31:23', '2020-06-20 09:21:53'),
(59, 1, 55, 'WAKE UP CALLS', 'assets/uploads/facilities_image/icon/1592637706-4004.png', 'assets/uploads/facilities_image/1592023883-6466.jpg', '<p>Wake up calls can be arranged by contacting Reception between 7:00am and 11:00pm daily. Alternatively you may use your alarm clock located on the bedside table of your apartment.</p>', NULL, '2020-03-19 12:31:57', '2020-06-20 09:21:46'),
(60, 1, 56, 'GENERAL INFORMATION', 'assets/uploads/facilities_image/icon/1592637700-3335.png', 'assets/uploads/facilities_image/1592023857-3118.jpg', '<p><strong>CURRENCY</strong></p>\r\n\r\n<p>Australia operates under a decimal currency system with 100 cents (c), equalling one dollar ($). The coins are $2 and $1 (coloured gold), 50c, 20c, 10c and 5c (coloured silver). Notes comprise of $100, $50, $20, $10 and $5.</p>\r\n\r\n<p><strong>ELECTRICITY</strong></p>\r\n\r\n<p>Australia&#39;s domestic electricity supply is 230-240 volts AC at 50 Hz. The standard three pin plugs are fitted to domestic appliances.  International adaptors for main overseas plugs are available at Reception. Please see “Adaptors and Transformers” section. </p>\r\n\r\n<p><strong>TAXES</strong></p>\r\n\r\n<p>GST (Goods and Services Tax).</p>\r\n\r\n<p>A 10% tax applies to Goods and Services purchased in Australia. Taxes are included in Tariff.</p>\r\n\r\n<p><strong>TIME ZONE</strong></p>\r\n\r\n<p>There are three time zones in Australia; CST is half hour (30 minutes) behind EST, while WST is two hours behind EST:</p>\r\n\r\n<p>Eastern Standard Time (EST)                       New South Wales, Australian Capital Territory, Victoria, Tasmania and Queensland.</p>\r\n\r\n<p>Central Standard Time (CST)                       South Australia and Northern Territory.</p>\r\n\r\n<p>Western Standard Time (WST)                   Western Australia.</p>', NULL, '2020-03-19 12:32:31', '2020-06-20 09:21:40'),
(61, 3, 57, 'LAUNDRY', 'assets/uploads/facilities_image/icon/1592637694-6343.png', 'assets/uploads/facilities_image/1592023850-9097.jpg', '<p>See “Washing and Dryer Facilities” in this section.</p>', NULL, '2020-03-19 12:37:34', '2020-06-20 09:21:34'),
(62, 3, 58, 'FIRE EVACUATION PROCEDURES', 'assets/uploads/facilities_image/icon/1592637681-2997.png', 'assets/uploads/facilities_image/1592023843-9936.jpg', '<p>Quest Maribyrnong is equipped with sophisticated fire detection and prevention systems. As a further precaution, we ask that you familiarise yourself with the emergency evacuation plan, located on the back of your apartment door. In the event of a fire, a continuous warning bell will sound. Should you become aware of a fire or smell smoke, please call Reception immediately and state the location, in order to enable investigation.</p>\r\n\r\n<p><strong><em>Should a fire start in or near your apartment:</em></strong></p>\r\n\r\n<ul>\r\n <li>Remain calm</li>\r\n <li>Alert Reception immediately by dialling ‘9’</li>\r\n <li>If you are advised to evacuation building, collect your key card and move towards the door</li>\r\n <li>Feel the door with the back of your hand. If it is hot, DO NOT OPEN</li>\r\n <li>If it is not hot, carefully open the door and look outside</li>\r\n <li>If the hallway is not too smoky, proceed to the fire exit and descend to the ground floor where you will be directed to the meeting point</li>\r\n <li>If you encounter smoke, crawl on your hands and knees</li>\r\n <li>Once inside the fire stairs, keep walking down and do not stop until you exit the building on the ground floor</li>\r\n <li>Proceed from the fire stairs through the entry foyer and out the glass sliding doors to the assembly point</li>\r\n <li>Do Not Use Elevators</li>\r\n <li>Do Not Bring Luggage</li>\r\n</ul>\r\n\r\n<p><strong><em>If You Are Unable To Leave Your Apartment:</em></strong></p>\r\n\r\n<ul>\r\n <li>Advise Reception of your location by dialling ‘9’</li>\r\n <li>Pack wet towels or sheets under the door</li>\r\n <li>Remain close to the floor</li>\r\n <li>All apartment doors are fire rated in accordance with the Australian Fire Safety Standards</li>\r\n <li>If smoke is evident, open windows and balcony door to vent the apartment. Hang a bed sheet out of the window to signal the rescue team. Do not attempt to climb down</li>\r\n <li>Remain close to the floor, keeping a wet cloth over your nose and mouth</li>\r\n <li>Rest Assured – help is on the way</li>\r\n</ul>\r\n\r\n<p><strong>Note</strong>: If you have a physical condition that might impair your ability to either detect an alarm or evacuate via the stairway, please notify Reception now.</p>', NULL, '2020-03-19 12:38:18', '2020-06-20 09:21:21'),
(63, 3, 59, 'FIRST AID', 'assets/uploads/facilities_image/icon/1592637672-4525.png', 'assets/uploads/facilities_image/1592023836-2320.jpg', '<p>Contact Reception immediately if you require First Aid assistance.</p>', NULL, '2020-03-19 12:38:30', '2020-06-20 09:21:12'),
(64, 3, 60, 'HOUSEKEEPING', 'assets/uploads/facilities_image/icon/1592637663-7692.png', 'assets/uploads/facilities_image/1592023826-8272.jpg', '<p>Please refer to “Servicing of Apartment’ in this section. Housekeeping will be happy to assist with any special requests or particular needs.</p>', NULL, '2020-03-19 12:38:42', '2020-06-20 09:21:03'),
(65, 3, 61, 'INCOMING MAIL', 'assets/uploads/facilities_image/icon/1592637653-2128.png', 'assets/uploads/facilities_image/1592023815-2893.jpg', '<p>See “mailing Services” in this section.</p>', NULL, '2020-03-19 12:38:58', '2020-06-20 09:20:53'),
(66, 3, 62, 'WEATHER', 'assets/uploads/facilities_image/icon/1592637647-4530.png', 'assets/uploads/facilities_image/1592023809-2562.jpg', '<p>Melbourne enjoys a varied climate. The following chart shows mean daily maximum and minimum recorded temperatures in degrees Celsius, as supplied by the Australian Bureau of Meteorology.</p>\r\n\r\n<table align=\"left\" cellspacing=\"0\">\r\n <tbody>\r\n  <tr>\r\n   <td>\r\n   <p><strong>Month</strong></p>\r\n   </td>\r\n   <td>\r\n   <p><strong>J</strong></p>\r\n   </td>\r\n   <td>\r\n   <p><strong>F</strong></p>\r\n   </td>\r\n   <td>\r\n   <p><strong>M</strong></p>\r\n   </td>\r\n   <td>\r\n   <p><strong>A</strong></p>\r\n   </td>\r\n   <td>\r\n   <p><strong>M</strong></p>\r\n   </td>\r\n   <td>\r\n   <p><strong>J</strong></p>\r\n   </td>\r\n   <td>\r\n   <p><strong>J</strong></p>\r\n   </td>\r\n   <td>\r\n   <p><strong>A</strong></p>\r\n   </td>\r\n   <td>\r\n   <p><strong>S</strong></p>\r\n   </td>\r\n   <td>\r\n   <p><strong>O</strong></p>\r\n   </td>\r\n   <td>\r\n   <p><strong>N</strong></p>\r\n   </td>\r\n   <td>\r\n   <p><strong>D</strong></p>\r\n   </td>\r\n  </tr>\r\n  <tr>\r\n   <td>\r\n   <p><strong>Max (</strong><a href=\"http://www.bom.gov.au/climate/cdo/about/definitionstemp.shtml#meanmaxtemp\"><strong>°C</strong></a><strong>)</strong></p>\r\n   </td>\r\n   <td>\r\n   <p>25.9</p>\r\n   </td>\r\n   <td>\r\n   <p>25.8.0</p>\r\n   </td>\r\n   <td>\r\n   <p>23.9</p>\r\n   </td>\r\n   <td>\r\n   <p>20.3</p>\r\n   </td>\r\n   <td>\r\n   <p>16.7</p>\r\n   </td>\r\n   <td>\r\n   <p>14</p>\r\n   </td>\r\n   <td>\r\n   <p>13.4</p>\r\n   </td>\r\n   <td>\r\n   <p>15</p>\r\n   </td>\r\n   <td>\r\n   <p>17.2</p>\r\n   </td>\r\n   <td>\r\n   <p>19.7</p>\r\n   </td>\r\n   <td>\r\n   <p>21.9</p>\r\n   </td>\r\n   <td>\r\n   <p>24.2</p>\r\n   </td>\r\n  </tr>\r\n  <tr>\r\n   <td>\r\n   <p><strong>Min (</strong><a href=\"http://www.bom.gov.au/climate/cdo/about/definitionstemp.shtml#meanmaxtemp\"><strong>°C</strong></a><strong>)</strong></p>\r\n   </td>\r\n   <td>\r\n   <p>14.3</p>\r\n   </td>\r\n   <td>\r\n   <p>14.6</p>\r\n   </td>\r\n   <td>\r\n   <p>13.2</p>\r\n   </td>\r\n   <td>\r\n   <p>10.8</p>\r\n   </td>\r\n   <td>\r\n   <p>8.6</p>\r\n   </td>\r\n   <td>\r\n   <p>6.9</p>\r\n   </td>\r\n   <td>\r\n   <p>6</p>\r\n   </td>\r\n   <td>\r\n   <p>6.7</p>\r\n   </td>\r\n   <td>\r\n   <p>8</p>\r\n   </td>\r\n   <td>\r\n   <p>9.5</p>\r\n   </td>\r\n   <td>\r\n   <p>11.2</p>\r\n   </td>\r\n   <td>\r\n   <p>12.9</p>\r\n   </td>\r\n  </tr>\r\n  <tr>\r\n   <td>\r\n   <p><a href=\"http://www.bom.gov.au/climate/cdo/about/definitionsrain.shtml#meanrainfall\"><strong>Rain (</strong><strong>mm</strong><strong>)</strong><strong> </strong></a></p>\r\n   </td>\r\n   <td>\r\n   <p>37</p>\r\n   </td>\r\n   <td>\r\n   <p>32</p>\r\n   </td>\r\n   <td>\r\n   <p>39</p>\r\n   </td>\r\n   <td>\r\n   <p>50</p>\r\n   </td>\r\n   <td>\r\n   <p>55</p>\r\n   </td>\r\n   <td>\r\n   <p>43</p>\r\n   </td>\r\n   <td>\r\n   <p>44</p>\r\n   </td>\r\n   <td>\r\n   <p>49</p>\r\n   </td>\r\n   <td>\r\n   <p>53</p>\r\n   </td>\r\n   <td>\r\n   <p>67</p>\r\n   </td>\r\n   <td>\r\n   <p>54</p>\r\n   </td>\r\n   <td>\r\n   <p>52</p>\r\n   </td>\r\n  </tr>\r\n </tbody>\r\n</table>\r\n\r\n<p> </p>', NULL, '2020-03-19 12:39:23', '2020-06-20 09:20:47'),
(67, 5, 63, 'CONFERENCE ROOM', 'assets/uploads/facilities_image/icon/1592637641-8775.png', 'assets/uploads/facilities_image/1592019940-5448.jpg', '<p>Quest Maribyrnong offers modern, well-appointed meeting and conference facilities. The conference room is equipped with a projector, large flat screen television, DVD player, whiteboard, flip chart, note pads and pens. Additional equipment can be arranged upon request. A variety of room set-ups and catering options are available. The total maximum sit down capacity is 70 delegates in a theatre style. For more information on our conference room, please contact Reception.</p>', NULL, '2020-03-19 12:40:45', '2020-06-20 09:20:41'),
(68, 5, 64, 'INTERNET', 'assets/uploads/facilities_image/icon/1592637630-3048.png', 'assets/uploads/facilities_image/1592023748-3676.jpg', '<p>See “Computer Connection (Data Ports)” in this section.</p>', NULL, '2020-03-19 12:41:12', '2020-06-20 09:20:30'),
(69, 4, 65, 'BREAKFAST', 'assets/uploads/facilities_image/icon/1592637580-5339.png', 'assets/uploads/facilities_image/1591941473-9060.jpg', '<p><strong><em>Breakfast pack  :-  </em></strong>Light breakfast option including cereal, milk, orange juice and an energy bar is available from reception – please note a $12.50 charge per person applies.</p>\r\n\r\n<p>Should you decide to prepare your own meals, Quest Maribyrnong offers guests’ Pantry Shopping Service upon request. Order forms may be found at the back of the compendium. Please complete and provide to Reception before 9:00am for same day delivery. This service may not be available on Sundays and Public Holidays.</p>', NULL, '2020-03-19 12:43:02', '2020-06-20 09:19:40'),
(70, 4, 66, 'LUNCH AND DINNER', 'assets/uploads/facilities_image/icon/1592637576-8919.png', 'assets/uploads/facilities_image/1591941465-1353.jpg', '<p>Quest Maribyrnong offers a number of charge back services for local restaurants, and cafes. Please see reception for the latest list of Restaurants and Cafés that offer this service.</p>\r\n\r\n<p>Please collect your Charge Back Card from reception and present this card to the restaurant or café on your arrival. Please note, you will be required to sign a receipt to approve the charges and this will be placed on your hotel account, for settlement on departure.</p>\r\n\r\n<p>Pantry Shopping Service is available upon request.  This is ideal for if you want to prepare your own meals in the comfort of your apartment – Your home away from home.</p>\r\n\r\n<p>Please complete and provide to Reception before 9:00am for same day delivery. Please note that this service may not be available on Sundays or Public Holidays.</p>', NULL, '2020-03-19 12:45:13', '2020-06-20 09:19:36'),
(71, 2, 67, 'AIRPORTS', 'assets/uploads/facilities_image/icon/1592637560-7800.png', 'assets/uploads/facilities_image/1591941458-7836.jpg', '<p><strong>Melbourne Tullamarine Airport</strong></p>\r\n\r\n<p>Address:              Departure Drive, Melbourne Airport VIC 3045</p>\r\n\r\n<p>Phone:                                 +61 3 9297 1600</p>\r\n\r\n<p>Web:                     <a href=\"http://www.melbourneairport.com.au\">www.melbourneairport.com.au</a></p>\r\n\r\n<p><strong>Avalon Airport</strong></p>\r\n\r\n<p>Address:              80 Beach Rd, Lara VIC 3212</p>\r\n\r\n<p>Phone:                                 +61 3 5227 9100</p>\r\n\r\n<p>Web:                     www.avalonairport.com.au</p>', NULL, '2020-03-19 12:46:04', '2020-06-20 09:19:20'),
(72, 2, 68, 'AUTOMATIC TELLER MACHINES (ATM) LOCATION', 'assets/uploads/facilities_image/icon/1592637556-4360.png', 'assets/uploads/facilities_image/1591941454-8738.jpg', '<p>The nearest ATM’s are located in the Highpoint shopping complex, including all major Australian banks (Westpac, ANZ, CBA, NAB, BOQ, St George, Suncorp Bank, Bank West, CUA and Heritage Bank). Please see our friendly reception staff for further information.</p>', NULL, '2020-03-19 12:46:30', '2020-06-20 09:19:16'),
(73, 2, 69, 'BEAUTICIAN', 'assets/uploads/facilities_image/icon/1592637551-5214.png', 'assets/uploads/facilities_image/1591941447-8867.jpg', '<p><strong>Essential Beauty Highpoint</strong><br>\r\nSpecializes in  a range of facial treatments and services, as well as waxing and tanning for both males and females.<br>\r\nAddress: Shop 3017, Highpoint Shopping Centre, 120-200 Rosamond Rd, Maribyrnong VIC 3032<br>\r\nPhone: +61 3 9317 8887<br>\r\nOpen: <br>\r\nMonday – Saturday from 9am<br>\r\nSunday from 10am<br>\r\n    <br>\r\n<strong>Bella Skin Health Clinic</strong><br>\r\nSpecializes in high end day treatments, including massages, spas and all types of facials. Also specialises in waxing, nails and makeup. Sells a range of skin care and beauty products.<br>\r\nAddress: Shop 6310, Highpoint Shopping Centre, 120-200 Rosamond Rd, Maribyrnong VIC 3032<br>\r\nPhone: +61 3 9318 3928                               <br>\r\nOpen:Monday – Saturday from 9:00am ,Sunday - CLOSED</p>', NULL, '2020-03-19 12:46:48', '2020-06-20 09:19:11'),
(74, 2, 70, 'CHEMISTS', 'assets/uploads/facilities_image/icon/1592637544-3853.png', 'assets/uploads/facilities_image/1592472207-3530.jpg', '<p><strong>Highpoint Pharmacy</strong><br>\r\nAddress: 9 Wests Road, Maribyrnong VIC 3032<br>\r\nPhone: +61 3 9317 9378<br>\r\nOpen: <br>\r\nMonday - Friday 9:00am – 7:00pm<br>\r\nSaturday 9:00am – 2:00pm<br>\r\nSunday - CLOSED</p>\r\n\r\n<p><strong>Chemist Warehouse</strong><br>\r\nAddress: Shop 3166, Highpoint Shopping Centre, 120-200 Rosamond Rd, Maribyrnong VIC 3032<br>\r\nPhone: +61 3 9317 7755<br>\r\nOpen:  <br>\r\nMonday – Wednesday 8:30am – 5:30pm<br>\r\nThursday 8:30am – 9:00pm<br>\r\nFriday 8:30am – 9:00pm<br>\r\nSaturday 9:00am – 6:00pm<br>\r\nSunday 9:30am – 5:30pm</p>', NULL, '2020-03-19 12:47:48', '2020-06-20 09:19:04'),
(75, 2, 71, 'CINEMAS', 'assets/uploads/facilities_image/icon/1592637538-5773.png', 'assets/uploads/facilities_image/1592472202-6607.png', '<p><strong>Hoyts IMAX Highpoint</strong></p>\r\n\r\n<p><strong>Address:</strong> Highpoint Shopping Centre, 120-200 Rosamond Rd, Maribyrnong VIC 3032</p>\r\n\r\n<p><strong>Phone:</strong> +61 7 3339 9710</p>\r\n\r\n<p><strong>For Session Times Visit:</strong> <a href=\"http://www.hoyts.com.au\">www.hoyts.com.au</a></p>', NULL, '2020-03-19 12:48:23', '2020-06-20 09:18:58'),
(76, 2, 72, 'DOCTORS', 'assets/uploads/facilities_image/icon/1592637529-6456.png', 'assets/uploads/facilities_image/1592472198-6306.jpg', '<p><strong>Guardian Medical Highpoint</strong><br>\r\nAddress: 200 Rosamond Rd,Maribyrnong 3032<br>\r\nPhone: +61 3 9318 4000<br>\r\nPartial Bulk Billing Available<br>\r\nOnline Bookings available<br>\r\nOpen: <br>\r\nMonday – Friday 8:30am – 6:00pm<br>\r\nSaturday 9:00am – 1:00pm<br>\r\nSunday - CLOSED    Q1 Medical Centre<br>\r\nAddress: Shop 2540, </p>\r\n\r\n<p><br>\r\n<strong>Highpoint Shopping Centre, </strong><br>\r\n120-200 Rosamond Rd, Maribyrnong VIC 3032<br>\r\nPhone: +61 3 9317 7000<br>\r\nPartial Bulk Billing Available<br>\r\nOnline Bookings Available<br>\r\nOpen: <br>\r\nMonday – Wednesday 9:00am – 6:00pm<br>\r\nThursday – Friday 9:00am – 9:00pm<br>\r\nSaturday – Sunday 9:00am – 2:00pm <br>\r\n </p>', NULL, '2020-03-19 12:48:35', '2020-06-20 09:18:49'),
(77, 2, 73, 'DENTIST', 'assets/uploads/facilities_image/icon/1592637524-4340.png', 'assets/uploads/facilities_image/1592472193-2659.jpg', '<p><strong>My Dental Clinic</strong><br>\r\nAddress: 473 Gordon St, Maribyrnong 3032  <br>\r\nPhone: +61 3 9318 7678<br>\r\nwww.mydentalclinic.com.au <br>\r\nOpen: <br>\r\nMonday 9:00am – 5:00pm<br>\r\nTuesday 9:00am – 7:00pm<br>\r\nWednesday - Friday 9:00am – 5:00pm <br>\r\nSaturday 9:00am – 4:00pm <br>\r\nSunday - Closed     Hampstead Dental<br>\r\nAddress: 2/44 </p>\r\n\r\n<p><strong>Hampstead Rd, Maidstone 3012</strong><br>\r\nPhone: +61 3 9318 5599<br>\r\nwww.hampsteaddental.com.au  <br>\r\nOpen: <br>\r\nMonday – Thursday 8:30am – 5:30pm<br>\r\nFriday 8:30pm – 1:00pm<br>\r\nSaturday 8:00am – 3:00pm<br>\r\n    </p>', NULL, '2020-03-19 12:48:49', '2020-06-20 09:18:44');
INSERT INTO `facilities` (`id`, `fiMenuId`, `fiCategoryId`, `fsTitle`, `fsImage`, `fsBannerImage`, `fsDescription`, `fiStatus`, `fdCreateDate`, `fdUpdateDate`) VALUES
(78, 2, 74, 'GOLF COURSES', 'assets/uploads/facilities_image/icon/1592637518-7269.png', 'assets/uploads/facilities_image/1592472189-1300.jpg', '<p><strong>Medway Golf Club</strong><br>\r\nAddress: 57 Omar St, Maidstone 3012<br>\r\nPhone: +61 3 9317 9031<br>\r\nWeb: www.medwaygolf.com.au<br>\r\n    <br>\r\n<strong>Riverside Golf & Tennis Centre</strong><br>\r\nAddress: 60 Newsom St, Ascot Vale 3032<br>\r\nPhone: +61 3 9938 4545<br>\r\nWeb: www.rgtc.com.au</p>', NULL, '2020-03-19 12:49:32', '2020-06-20 09:18:38'),
(79, 2, 75, 'HAIRDRESSERS', 'assets/uploads/facilities_image/icon/1592637493-5784.png', 'assets/uploads/facilities_image/1592472144-5586.jpg', '<p><strong>Oscar Oscar Salon Highpoint</strong><br>\r\nAddress: Shop 3543, Highpoint Shopping Centre, 120-200 Rosamond Rd, Maribyrnong VIC 3032<br>\r\nPhone: +61 3 9020 8691<br>\r\n    <br>\r\n<strong>Justcuts Highpoint</strong><br>\r\nAddress: Shop 2120A, Highpoint Shopping Centre, 120-200   Rosamond Rd, Maribyrnong VIC 3032<br>\r\nPhone: +61 3 9318 8529<br>\r\n </p>', NULL, '2020-03-19 12:49:43', '2020-06-20 09:18:13'),
(80, 2, 76, 'HOSPITAL', 'assets/uploads/facilities_image/icon/1592637480-2354.png', 'assets/uploads/facilities_image/1592472140-4546.jpg', '<p><strong>Footscray Hospital</strong><br>\r\nAddress: 160 Gordon St, Footscray VIC 3011<br>\r\nPhone: +61 3 8345 6666<br>\r\nWebsite: www.westernhealth.org.au </p>\r\n\r\n<p><strong>Sunshine Hospital</strong><br>\r\nAddress: 176 Furlong Rd, St Albans VIC 3021<br>\r\nPhone: +61 3 8345 1333<br>\r\nWebsite: www.westernhealth.org.au</p>', NULL, '2020-03-19 12:49:58', '2020-06-20 09:18:00'),
(81, 2, 77, 'LIBRARY', 'assets/uploads/facilities_image/icon/1592637473-8079.png', 'assets/uploads/facilities_image/1592472135-2710.jpg', '<p><strong>Maribyrnong Library</strong></p>\r\n\r\n<p><strong>Address:</strong> 200 Rosamond Rd, Maribyrnong VIC 3032</p>\r\n\r\n<p><strong>Phone:</strong> +61 3 9688 0231</p>\r\n\r\n<p><strong>Open: </strong></p>\r\n\r\n<p>Monday, Tues, Wednesday and Friday 10:00am – 6:00pm</p>\r\n\r\n<p>Thursday 10:00pm – 8:00pm</p>\r\n\r\n<p>Saturday 10:00am – 2:00pm</p>\r\n\r\n<p>Sunday - CLOSED</p>', NULL, '2020-03-19 12:50:11', '2020-06-20 09:17:53'),
(82, 2, 78, 'NEWSAGENCY', 'assets/uploads/facilities_image/icon/1592637466-5702.png', 'assets/uploads/facilities_image/1592472130-2326.jpg', '<p><strong>Supanews Highpoint Atrium</strong></p>\r\n\r\n<p><strong>Address:</strong> Highpoint Shopping Centre, 120-200 Rosamond Rd, Maribyrnong VIC 3032</p>\r\n\r\n<p><strong>Phone:</strong> +61 3 9317 3111</p>\r\n\r\n<p><strong>Open: </strong></p>\r\n\r\n<p>Monday / Tuesday / Thursday / Sunday 8:00am – 6:00pm</p>\r\n\r\n<p>Wednesday 8:00am – 9:00pm</p>\r\n\r\n<p>Friday 9:00am – 5:00pm</p>\r\n\r\n<p>Saturday 10:00am – 5:00pm</p>', NULL, '2020-03-19 12:50:22', '2020-06-20 09:17:46'),
(83, 2, 79, 'POST OFFICE', 'assets/uploads/facilities_image/icon/1592637458-9983.png', 'assets/uploads/facilities_image/1592472124-8489.jpg', '<p><strong>Australia Post – Highpoint Post Shop</strong></p>\r\n\r\n<p><strong>Address:</strong> Shop 2090, Highpoint Shopping Centre, 120-200 Rosamond Rd, Maribyrnong VIC 3032</p>\r\n\r\n<p><strong>Phone:</strong> 13 13 18</p>', NULL, '2020-03-19 12:50:35', '2020-06-20 09:17:38'),
(84, 2, 80, 'RESTAURANTS', 'assets/uploads/facilities_image/icon/1592637448-8521.png', 'assets/uploads/facilities_image/1592472114-5208.jpg', '<p>See the \"Dining Options\" section or please contact Reception for local recommendations.</p>', NULL, '2020-03-19 12:50:46', '2020-06-20 09:17:28'),
(85, 2, 81, 'SHOPPING CENTRES AND PRECINCTS', 'assets/uploads/facilities_image/icon/1592637441-3817.jpg', 'assets/uploads/facilities_image/1592472107-5329.jpg', '<p><strong>Highpoint Shopping Centre</strong></p>\r\n\r\n<p><strong>Address:</strong> Highpoint Shopping Centre, 120-200 Rosamond Rd, Maribyrnong VIC 3032</p>\r\n\r\n<p><strong>Phone:</strong> +61 7 3117 5300</p>', NULL, '2020-03-19 12:50:56', '2020-06-20 09:17:21'),
(86, 2, 82, 'SUPERMARKETS', 'assets/uploads/facilities_image/icon/1592637435-6950.png', 'assets/uploads/facilities_image/1592472076-2924.jpg', '<p><strong>IGA X-Press</strong> <br>\r\nAddress: 19 – 21 Wests Rd, Maribyrnong 3032<br>\r\nPhone: +61 3 9318 1799<br>\r\nOpen: 7:30am – 9:00pm    </p>\r\n\r\n<p><strong>Woolworths Highpoint West</strong><br>\r\nAddress: Highpoint Shopping Centre, 120-200 Rosamond Rd, Maribyrnong VIC 3032<br>\r\nPhone: +61 3 8347 6640<br>\r\nOpen: 7:00am – 10:00pm<br>\r\n </p>', NULL, '2020-03-19 12:51:06', '2020-06-20 09:17:15'),
(87, 2, 83, 'SWIMMING POOLS', 'assets/uploads/facilities_image/icon/1592637426-3818.png', 'assets/uploads/facilities_image/1592472069-4408.png', '<p><strong>Maribyrnong Aquatic Centre</strong></p>\r\n\r\n<p><strong>Address:</strong> 1 Aquatic Drive, Maribyrnong VIC 3032</p>\r\n\r\n<p><strong>Phone:</strong> +61 3 9032 4100</p>\r\n\r\n<p><strong>Open:</strong></p>\r\n\r\n<p>Monday – Friday 5:30am – 10:00pm</p>\r\n\r\n<p>Saturday – Sunday 8:00am – 6:15pm</p>', NULL, '2020-03-19 12:51:17', '2020-06-20 09:17:06'),
(88, 2, 84, 'TOURIST INFORMATION AND VISITOR CENTRE', 'assets/uploads/facilities_image/icon/1592637418-2570.png', 'assets/uploads/facilities_image/1592472054-5495.jpg', '<p><strong>Melbourne Visitor Information Centre</strong></p>\r\n\r\n<p><strong>Address:</strong> Federation Square – Cnr Swanston & Flinders St, Melbourne 3000</p>\r\n\r\n<p><strong>Phone:</strong> +61 3 9658 9658</p>', NULL, '2020-03-19 12:51:31', '2020-06-20 09:16:58');

-- --------------------------------------------------------

--
-- Table structure for table `hotel_category`
--

CREATE TABLE `hotel_category` (
  `id` int(11) NOT NULL,
  `fiHotelId` int(11) DEFAULT NULL,
  `fiMenuId` int(11) DEFAULT NULL,
  `fsTitle` varchar(255) DEFAULT NULL,
  `fsImage` mediumtext,
  `fiStatus` int(11) DEFAULT NULL,
  `fdCreateDate` datetime DEFAULT NULL,
  `fdUpdateDate` datetime DEFAULT NULL
) ENGINE=InnoDB DEFAULT CHARSET=latin1;

--
-- Dumping data for table `hotel_category`
--

INSERT INTO `hotel_category` (`id`, `fiHotelId`, `fiMenuId`, `fsTitle`, `fsImage`, `fiStatus`, `fdCreateDate`, `fdUpdateDate`) VALUES
(1, 1, 1, 'GENERAL INFORMATION', 'assets/uploads/category_image/1592636611-6215.png', NULL, '2020-06-11 14:56:56', '2020-06-20 09:03:31'),
(2, 1, 1, 'WAKE UP CALLS', 'assets/uploads/category_image/1592636617-6354.png', NULL, '2020-06-11 14:56:42', '2020-06-20 09:03:37'),
(3, 1, 1, 'VISITORS TO YOUR APARTMENT', 'assets/uploads/category_image/1592636668-7452.png', NULL, '2020-06-11 14:56:34', '2020-06-20 09:04:28'),
(4, 1, 1, 'UMBRELLAS', 'assets/uploads/category_image/1592636674-4553.png', NULL, '2020-06-11 14:56:26', '2020-06-20 09:04:34'),
(5, 1, 1, 'TOWELS', 'assets/uploads/category_image/1592636682-4888.png', NULL, '2020-06-11 14:56:14', '2020-06-20 09:04:42'),
(6, 1, 2, 'TOURIST INFORMATION AND VISITOR CENTRE', 'assets/uploads/category_image/1592636201-8108.png', NULL, '2020-06-11 15:02:18', '2020-06-20 08:56:41'),
(7, 1, 2, 'SWIMMING POOLS', 'assets/uploads/category_image/1592636230-7231.png', NULL, '2020-06-11 15:02:09', '2020-06-20 08:57:10'),
(8, 1, 2, 'SUPERMARKETS', 'assets/uploads/category_image/1592636237-5020.png', NULL, '2020-06-11 15:02:01', '2020-06-20 08:57:17'),
(9, 1, 2, 'SHOPPING CENTRES AND PRECINCTS', 'assets/uploads/category_image/1592636243-8719.jpg', NULL, '2020-06-11 15:01:54', '2020-06-20 08:57:23'),
(10, 1, 2, 'RESTAURANTS', 'assets/uploads/category_image/1592636249-1580.png', NULL, '2020-06-11 15:01:46', '2020-06-20 08:57:29'),
(11, 1, 3, 'WEATHER', 'assets/uploads/category_image/1592636563-4651.png', NULL, '2020-06-11 14:58:15', '2020-06-20 09:02:43'),
(12, 1, 3, 'INCOMING MAIL', 'assets/uploads/category_image/1592636572-4135.png', NULL, '2020-06-11 14:58:06', '2020-06-20 09:02:52'),
(13, 1, 3, 'HOUSEKEEPING', 'assets/uploads/category_image/1592636580-1954.png', NULL, '2020-06-11 14:57:57', '2020-06-20 09:03:00'),
(14, 1, 3, 'FIRST AID', 'assets/uploads/category_image/1592636590-3824.png', NULL, '2020-06-11 14:57:27', '2020-06-20 09:03:10'),
(15, 1, 3, 'FIRE EVACUATION PROCEDURES', 'assets/uploads/category_image/1592636597-4933.png', NULL, '2020-06-11 14:57:17', '2020-06-20 09:03:17'),
(16, 1, 4, 'LUNCH AND DINNER', 'assets/uploads/category_image/1592636436-5584.png', NULL, '2020-06-11 14:59:28', '2020-06-20 09:00:36'),
(17, 1, 4, 'BREAKFAST', 'assets/uploads/category_image/1592636447-2068.png', NULL, '2020-06-11 14:59:06', '2020-06-20 09:00:47'),
(18, 1, 5, 'INTERNET', 'assets/uploads/category_image/1592636474-5102.png', NULL, '2020-06-11 14:58:46', '2020-06-20 09:01:14'),
(19, 1, 5, 'CONFERENCE ROOM', 'assets/uploads/category_image/1592636531-3163.png', NULL, '2020-06-11 14:58:37', '2020-06-20 09:02:11');

-- --------------------------------------------------------

--
-- Table structure for table `hotel_facilitates`
--

CREATE TABLE `hotel_facilitates` (
  `id` int(11) NOT NULL,
  `fiMenuId` int(11) DEFAULT NULL,
  `fiCategoryId` int(11) DEFAULT NULL,
  `fiHotelsId` int(11) DEFAULT NULL,
  `fsTitle` varchar(300) DEFAULT NULL,
  `fsImage` mediumtext,
  `fsBannerImage` mediumtext,
  `fsDescription` text,
  `fiStatus` int(11) DEFAULT NULL,
  `fdCreateDate` datetime DEFAULT NULL,
  `fdUpdateDate` datetime DEFAULT NULL
) ENGINE=InnoDB DEFAULT CHARSET=latin1;

--
-- Dumping data for table `hotel_facilitates`
--

INSERT INTO `hotel_facilitates` (`id`, `fiMenuId`, `fiCategoryId`, `fiHotelsId`, `fsTitle`, `fsImage`, `fsBannerImage`, `fsDescription`, `fiStatus`, `fdCreateDate`, `fdUpdateDate`) VALUES
(1, 1, 1, 1, 'GENERAL INFORMATION', 'assets/uploads/facilities_image/icon/1592637700-3335.png', 'assets/uploads/facilities_image/1592023857-3118.jpg', '<p><strong>CURRENCY</strong></p>\r\n\r\n<p>Australia operates under a decimal currency system with 100 cents (c), equalling one dollar ($). The coins are $2 and $1 (coloured gold), 50c, 20c, 10c and 5c (coloured silver). Notes comprise of $100, $50, $20, $10 and $5.</p>\r\n\r\n<p><strong>ELECTRICITY</strong></p>\r\n\r\n<p>Australia&#39;s domestic electricity supply is 230-240 volts AC at 50 Hz. The standard three pin plugs are fitted to domestic appliances.  International adaptors for main overseas plugs are available at Reception. Please see “Adaptors and Transformers” section. </p>\r\n\r\n<p><strong>TAXES</strong></p>\r\n\r\n<p>GST (Goods and Services Tax).</p>\r\n\r\n<p>A 10% tax applies to Goods and Services purchased in Australia. Taxes are included in Tariff.</p>\r\n\r\n<p><strong>TIME ZONE</strong></p>\r\n\r\n<p>There are three time zones in Australia; CST is half hour (30 minutes) behind EST, while WST is two hours behind EST:</p>\r\n\r\n<p>Eastern Standard Time (EST)                       New South Wales, Australian Capital Territory, Victoria, Tasmania and Queensland.</p>\r\n\r\n<p>Central Standard Time (CST)                       South Australia and Northern Territory.</p>\r\n\r\n<p>Western Standard Time (WST)                   Western Australia.</p>', NULL, '2020-03-19 12:32:31', '2020-06-20 09:21:40'),
(2, 1, 2, 1, 'WAKE UP CALLS', 'assets/uploads/facilities_image/icon/1592637706-4004.png', 'assets/uploads/facilities_image/1592023883-6466.jpg', '<p>Wake up calls can be arranged by contacting Reception between 7:00am and 11:00pm daily. Alternatively you may use your alarm clock located on the bedside table of your apartment.</p>', NULL, '2020-03-19 12:31:57', '2020-06-20 09:21:46'),
(3, 1, 3, 1, 'VISITORS TO YOUR APARTMENT', 'assets/uploads/facilities_image/icon/1592637713-5850.png', 'assets/uploads/facilities_image/1591941512-5310.jpg', '<p>For your safety and security we recommend that all visitors register at Reception. After <a href=\"http://midnight.no\">10pm no</a> visitors are permitted at the property except for registered guests for the safety and security of all in-house guests.  No parties or large groups of people are permitted in the apartments without prior approval by Management. Quest Maribyrnong has a NO PARTY POLICY. Guest will be asked to leave the property if this policy is not adhered to.</p>', NULL, '2020-03-19 12:31:23', '2020-06-20 09:21:53'),
(4, 1, 4, 1, 'UMBRELLAS', 'assets/uploads/facilities_image/icon/1592637719-6696.png', 'assets/uploads/facilities_image/1591941518-7092.jpg', '<p>Umbrellas are available for hire from Reception. A $30.00 deposit will be refundable upon return of the item.  You are also welcome to purchase the umbrella.</p>', NULL, '2020-03-19 12:31:10', '2020-06-20 09:21:59'),
(5, 1, 5, 1, 'TOWELS', 'assets/uploads/facilities_image/icon/1592637725-3849.png', 'assets/uploads/facilities_image/1591941525-7787.jpg', '<p>Extra towels can be obtained from Reception.</p>', NULL, '2020-03-19 12:30:54', '2020-06-20 09:22:05'),
(6, 2, 6, 1, 'TOURIST INFORMATION AND VISITOR CENTRE', 'assets/uploads/facilities_image/icon/1592637418-2570.png', 'assets/uploads/facilities_image/1592472054-5495.jpg', '<p><strong>Melbourne Visitor Information Centre</strong></p>\r\n\r\n<p><strong>Address:</strong> Federation Square – Cnr Swanston & Flinders St, Melbourne 3000</p>\r\n\r\n<p><strong>Phone:</strong> +61 3 9658 9658</p>', NULL, '2020-03-19 12:51:31', '2020-06-20 09:16:58'),
(7, 2, 7, 1, 'SWIMMING POOLS', 'assets/uploads/facilities_image/icon/1592637426-3818.png', 'assets/uploads/facilities_image/1592472069-4408.png', '<p><strong>Maribyrnong Aquatic Centre</strong></p>\r\n\r\n<p><strong>Address:</strong> 1 Aquatic Drive, Maribyrnong VIC 3032</p>\r\n\r\n<p><strong>Phone:</strong> +61 3 9032 4100</p>\r\n\r\n<p><strong>Open:</strong></p>\r\n\r\n<p>Monday – Friday 5:30am – 10:00pm</p>\r\n\r\n<p>Saturday – Sunday 8:00am – 6:15pm</p>', NULL, '2020-03-19 12:51:17', '2020-06-20 09:17:06'),
(8, 2, 8, 1, 'SUPERMARKETS', 'assets/uploads/facilities_image/icon/1592637435-6950.png', 'assets/uploads/facilities_image/1592472076-2924.jpg', '<p><strong>IGA X-Press</strong> <br>\r\nAddress: 19 – 21 Wests Rd, Maribyrnong 3032<br>\r\nPhone: +61 3 9318 1799<br>\r\nOpen: 7:30am – 9:00pm    </p>\r\n\r\n<p><strong>Woolworths Highpoint West</strong><br>\r\nAddress: Highpoint Shopping Centre, 120-200 Rosamond Rd, Maribyrnong VIC 3032<br>\r\nPhone: +61 3 8347 6640<br>\r\nOpen: 7:00am – 10:00pm<br>\r\n </p>', NULL, '2020-03-19 12:51:06', '2020-06-20 09:17:15'),
(9, 2, 9, 1, 'SHOPPING CENTRES AND PRECINCTS', 'assets/uploads/facilities_image/icon/1592637441-3817.jpg', 'assets/uploads/facilities_image/1592472107-5329.jpg', '<p><strong>Highpoint Shopping Centre</strong></p>\r\n\r\n<p><strong>Address:</strong> Highpoint Shopping Centre, 120-200 Rosamond Rd, Maribyrnong VIC 3032</p>\r\n\r\n<p><strong>Phone:</strong> +61 7 3117 5300</p>', NULL, '2020-03-19 12:50:56', '2020-06-20 09:17:21'),
(10, 2, 10, 1, 'RESTAURANTS', 'assets/uploads/facilities_image/icon/1592637448-8521.png', 'assets/uploads/facilities_image/1592472114-5208.jpg', '<p>See the \"Dining Options\" section or please contact Reception for local recommendations.</p>', NULL, '2020-03-19 12:50:46', '2020-06-20 09:17:28'),
(11, 3, 11, 1, 'WEATHER', 'assets/uploads/facilities_image/icon/1592637647-4530.png', 'assets/uploads/facilities_image/1592023809-2562.jpg', '<p>Melbourne enjoys a varied climate. The following chart shows mean daily maximum and minimum recorded temperatures in degrees Celsius, as supplied by the Australian Bureau of Meteorology.</p>\r\n\r\n<table align=\"left\" cellspacing=\"0\">\r\n <tbody>\r\n  <tr>\r\n   <td>\r\n   <p><strong>Month</strong></p>\r\n   </td>\r\n   <td>\r\n   <p><strong>J</strong></p>\r\n   </td>\r\n   <td>\r\n   <p><strong>F</strong></p>\r\n   </td>\r\n   <td>\r\n   <p><strong>M</strong></p>\r\n   </td>\r\n   <td>\r\n   <p><strong>A</strong></p>\r\n   </td>\r\n   <td>\r\n   <p><strong>M</strong></p>\r\n   </td>\r\n   <td>\r\n   <p><strong>J</strong></p>\r\n   </td>\r\n   <td>\r\n   <p><strong>J</strong></p>\r\n   </td>\r\n   <td>\r\n   <p><strong>A</strong></p>\r\n   </td>\r\n   <td>\r\n   <p><strong>S</strong></p>\r\n   </td>\r\n   <td>\r\n   <p><strong>O</strong></p>\r\n   </td>\r\n   <td>\r\n   <p><strong>N</strong></p>\r\n   </td>\r\n   <td>\r\n   <p><strong>D</strong></p>\r\n   </td>\r\n  </tr>\r\n  <tr>\r\n   <td>\r\n   <p><strong>Max (</strong><a href=\"http://www.bom.gov.au/climate/cdo/about/definitionstemp.shtml#meanmaxtemp\"><strong>°C</strong></a><strong>)</strong></p>\r\n   </td>\r\n   <td>\r\n   <p>25.9</p>\r\n   </td>\r\n   <td>\r\n   <p>25.8.0</p>\r\n   </td>\r\n   <td>\r\n   <p>23.9</p>\r\n   </td>\r\n   <td>\r\n   <p>20.3</p>\r\n   </td>\r\n   <td>\r\n   <p>16.7</p>\r\n   </td>\r\n   <td>\r\n   <p>14</p>\r\n   </td>\r\n   <td>\r\n   <p>13.4</p>\r\n   </td>\r\n   <td>\r\n   <p>15</p>\r\n   </td>\r\n   <td>\r\n   <p>17.2</p>\r\n   </td>\r\n   <td>\r\n   <p>19.7</p>\r\n   </td>\r\n   <td>\r\n   <p>21.9</p>\r\n   </td>\r\n   <td>\r\n   <p>24.2</p>\r\n   </td>\r\n  </tr>\r\n  <tr>\r\n   <td>\r\n   <p><strong>Min (</strong><a href=\"http://www.bom.gov.au/climate/cdo/about/definitionstemp.shtml#meanmaxtemp\"><strong>°C</strong></a><strong>)</strong></p>\r\n   </td>\r\n   <td>\r\n   <p>14.3</p>\r\n   </td>\r\n   <td>\r\n   <p>14.6</p>\r\n   </td>\r\n   <td>\r\n   <p>13.2</p>\r\n   </td>\r\n   <td>\r\n   <p>10.8</p>\r\n   </td>\r\n   <td>\r\n   <p>8.6</p>\r\n   </td>\r\n   <td>\r\n   <p>6.9</p>\r\n   </td>\r\n   <td>\r\n   <p>6</p>\r\n   </td>\r\n   <td>\r\n   <p>6.7</p>\r\n   </td>\r\n   <td>\r\n   <p>8</p>\r\n   </td>\r\n   <td>\r\n   <p>9.5</p>\r\n   </td>\r\n   <td>\r\n   <p>11.2</p>\r\n   </td>\r\n   <td>\r\n   <p>12.9</p>\r\n   </td>\r\n  </tr>\r\n  <tr>\r\n   <td>\r\n   <p><a href=\"http://www.bom.gov.au/climate/cdo/about/definitionsrain.shtml#meanrainfall\"><strong>Rain (</strong><strong>mm</strong><strong>)</strong><strong> </strong></a></p>\r\n   </td>\r\n   <td>\r\n   <p>37</p>\r\n   </td>\r\n   <td>\r\n   <p>32</p>\r\n   </td>\r\n   <td>\r\n   <p>39</p>\r\n   </td>\r\n   <td>\r\n   <p>50</p>\r\n   </td>\r\n   <td>\r\n   <p>55</p>\r\n   </td>\r\n   <td>\r\n   <p>43</p>\r\n   </td>\r\n   <td>\r\n   <p>44</p>\r\n   </td>\r\n   <td>\r\n   <p>49</p>\r\n   </td>\r\n   <td>\r\n   <p>53</p>\r\n   </td>\r\n   <td>\r\n   <p>67</p>\r\n   </td>\r\n   <td>\r\n   <p>54</p>\r\n   </td>\r\n   <td>\r\n   <p>52</p>\r\n   </td>\r\n  </tr>\r\n </tbody>\r\n</table>\r\n\r\n<p> </p>', NULL, '2020-03-19 12:39:23', '2020-06-20 09:20:47'),
(12, 3, 12, 1, 'INCOMING MAIL', 'assets/uploads/facilities_image/icon/1592637653-2128.png', 'assets/uploads/facilities_image/1592023815-2893.jpg', '<p>See “mailing Services” in this section.</p>', NULL, '2020-03-19 12:38:58', '2020-06-20 09:20:53'),
(13, 3, 13, 1, 'HOUSEKEEPING', 'assets/uploads/facilities_image/icon/1592637663-7692.png', 'assets/uploads/facilities_image/1592023826-8272.jpg', '<p>Please refer to “Servicing of Apartment’ in this section. Housekeeping will be happy to assist with any special requests or particular needs.</p>', NULL, '2020-03-19 12:38:42', '2020-06-20 09:21:03'),
(14, 3, 14, 1, 'FIRST AID', 'assets/uploads/facilities_image/icon/1592637672-4525.png', 'assets/uploads/facilities_image/1592023836-2320.jpg', '<p>Contact Reception immediately if you require First Aid assistance.</p>', NULL, '2020-03-19 12:38:30', '2020-06-20 09:21:12'),
(15, 3, 15, 1, 'FIRE EVACUATION PROCEDURES', 'assets/uploads/facilities_image/icon/1592637681-2997.png', 'assets/uploads/facilities_image/1592023843-9936.jpg', '<p>Quest Maribyrnong is equipped with sophisticated fire detection and prevention systems. As a further precaution, we ask that you familiarise yourself with the emergency evacuation plan, located on the back of your apartment door. In the event of a fire, a continuous warning bell will sound. Should you become aware of a fire or smell smoke, please call Reception immediately and state the location, in order to enable investigation.</p>\r\n\r\n<p><strong><em>Should a fire start in or near your apartment:</em></strong></p>\r\n\r\n<ul>\r\n <li>Remain calm</li>\r\n <li>Alert Reception immediately by dialling ‘9’</li>\r\n <li>If you are advised to evacuation building, collect your key card and move towards the door</li>\r\n <li>Feel the door with the back of your hand. If it is hot, DO NOT OPEN</li>\r\n <li>If it is not hot, carefully open the door and look outside</li>\r\n <li>If the hallway is not too smoky, proceed to the fire exit and descend to the ground floor where you will be directed to the meeting point</li>\r\n <li>If you encounter smoke, crawl on your hands and knees</li>\r\n <li>Once inside the fire stairs, keep walking down and do not stop until you exit the building on the ground floor</li>\r\n <li>Proceed from the fire stairs through the entry foyer and out the glass sliding doors to the assembly point</li>\r\n <li>Do Not Use Elevators</li>\r\n <li>Do Not Bring Luggage</li>\r\n</ul>\r\n\r\n<p><strong><em>If You Are Unable To Leave Your Apartment:</em></strong></p>\r\n\r\n<ul>\r\n <li>Advise Reception of your location by dialling ‘9’</li>\r\n <li>Pack wet towels or sheets under the door</li>\r\n <li>Remain close to the floor</li>\r\n <li>All apartment doors are fire rated in accordance with the Australian Fire Safety Standards</li>\r\n <li>If smoke is evident, open windows and balcony door to vent the apartment. Hang a bed sheet out of the window to signal the rescue team. Do not attempt to climb down</li>\r\n <li>Remain close to the floor, keeping a wet cloth over your nose and mouth</li>\r\n <li>Rest Assured – help is on the way</li>\r\n</ul>\r\n\r\n<p><strong>Note</strong>: If you have a physical condition that might impair your ability to either detect an alarm or evacuate via the stairway, please notify Reception now.</p>', NULL, '2020-03-19 12:38:18', '2020-06-20 09:21:21'),
(16, 4, 16, 1, 'LUNCH AND DINNER', 'assets/uploads/facilities_image/icon/1592637576-8919.png', 'assets/uploads/facilities_image/1591941465-1353.jpg', '<p>Quest Maribyrnong offers a number of charge back services for local restaurants, and cafes. Please see reception for the latest list of Restaurants and Cafés that offer this service.</p>\r\n\r\n<p>Please collect your Charge Back Card from reception and present this card to the restaurant or café on your arrival. Please note, you will be required to sign a receipt to approve the charges and this will be placed on your hotel account, for settlement on departure.</p>\r\n\r\n<p>Pantry Shopping Service is available upon request.  This is ideal for if you want to prepare your own meals in the comfort of your apartment – Your home away from home.</p>\r\n\r\n<p>Please complete and provide to Reception before 9:00am for same day delivery. Please note that this service may not be available on Sundays or Public Holidays.</p>', NULL, '2020-03-19 12:45:13', '2020-06-20 09:19:36'),
(17, 4, 17, 1, 'BREAKFAST', 'assets/uploads/facilities_image/icon/1592637580-5339.png', 'assets/uploads/facilities_image/1591941473-9060.jpg', '<p><strong><em>Breakfast pack  :-  </em></strong>Light breakfast option including cereal, milk, orange juice and an energy bar is available from reception – please note a $12.50 charge per person applies.</p>\r\n\r\n<p>Should you decide to prepare your own meals, Quest Maribyrnong offers guests’ Pantry Shopping Service upon request. Order forms may be found at the back of the compendium. Please complete and provide to Reception before 9:00am for same day delivery. This service may not be available on Sundays and Public Holidays.</p>', NULL, '2020-03-19 12:43:02', '2020-06-20 09:19:40'),
(18, 5, 18, 1, 'INTERNET', 'assets/uploads/facilities_image/icon/1592637630-3048.png', 'assets/uploads/facilities_image/1592023748-3676.jpg', '<p>See “Computer Connection (Data Ports)” in this section.</p>', NULL, '2020-03-19 12:41:12', '2020-06-20 09:20:30'),
(19, 5, 19, 1, 'CONFERENCE ROOM', 'assets/uploads/facilities_image/icon/1592637641-8775.png', 'assets/uploads/facilities_image/1592019940-5448.jpg', '<p>Quest Maribyrnong offers modern, well-appointed meeting and conference facilities. The conference room is equipped with a projector, large flat screen television, DVD player, whiteboard, flip chart, note pads and pens. Additional equipment can be arranged upon request. A variety of room set-ups and catering options are available. The total maximum sit down capacity is 70 delegates in a theatre style. For more information on our conference room, please contact Reception.</p>', NULL, '2020-03-19 12:40:45', '2020-06-20 09:20:41');

-- --------------------------------------------------------

--
-- Table structure for table `hotel_menu`
--

CREATE TABLE `hotel_menu` (
  `id` int(11) NOT NULL,
  `fiHotelId` int(11) DEFAULT NULL,
  `fsTitle` varchar(255) DEFAULT NULL,
  `fsImage` mediumtext,
  `fiStatus` int(11) DEFAULT NULL,
  `fdCreateDate` datetime DEFAULT NULL,
  `fdUpdateDate` datetime DEFAULT NULL
) ENGINE=InnoDB DEFAULT CHARSET=latin1;

--
-- Dumping data for table `hotel_menu`
--

INSERT INTO `hotel_menu` (`id`, `fiHotelId`, `fsTitle`, `fsImage`, `fiStatus`, `fdCreateDate`, `fdUpdateDate`) VALUES
(1, 1, 'Hotel', 'assets/uploads/menu_image/1584627109-8447.png', NULL, '2020-03-19 07:47:08', '2020-03-19 15:11:49'),
(2, 1, 'Local', 'assets/uploads/menu_image/1584627102-4053.png', NULL, '2020-03-19 07:47:37', '2020-03-19 15:11:42'),
(3, 1, 'Emergency', 'assets/uploads/menu_image/1584627094-3733.png', NULL, '2020-03-19 07:48:02', '2020-03-19 15:11:34'),
(4, 1, 'Dining', 'assets/uploads/menu_image/1584694982-4542.png', NULL, '2020-03-19 07:48:24', '2020-03-20 10:03:02'),
(5, 1, 'Meeting', 'assets/uploads/menu_image/1584627069-6535.png', NULL, '2020-03-19 07:48:46', '2020-03-19 15:11:09');

-- --------------------------------------------------------

--
-- Table structure for table `menu`
--

CREATE TABLE `menu` (
  `id` int(11) NOT NULL,
  `fsTitle` varchar(255) DEFAULT NULL,
  `fsImage` mediumtext,
  `fiStatus` int(11) DEFAULT NULL,
  `fdCreateDate` datetime DEFAULT NULL,
  `fdUpdateDate` datetime DEFAULT NULL
) ENGINE=InnoDB DEFAULT CHARSET=latin1;

--
-- Dumping data for table `menu`
--

INSERT INTO `menu` (`id`, `fsTitle`, `fsImage`, `fiStatus`, `fdCreateDate`, `fdUpdateDate`) VALUES
(1, 'Hotel', 'assets/uploads/menu_image/1584627109-8447.png', NULL, '2020-03-19 07:47:08', '2020-03-19 15:11:49'),
(2, 'Local', 'assets/uploads/menu_image/1584627102-4053.png', NULL, '2020-03-19 07:47:37', '2020-03-19 15:11:42'),
(3, 'Emergency', 'assets/uploads/menu_image/1584627094-3733.png', NULL, '2020-03-19 07:48:02', '2020-03-19 15:11:34'),
(4, 'Dining', 'assets/uploads/menu_image/1584694982-4542.png', NULL, '2020-03-19 07:48:24', '2020-03-20 10:03:02'),
(5, 'Meeting', 'assets/uploads/menu_image/1584627069-6535.png', NULL, '2020-03-19 07:48:46', '2020-03-19 15:11:09');

--
-- Indexes for dumped tables
--

--
-- Indexes for table `category`
--
ALTER TABLE `category`
  ADD PRIMARY KEY (`id`);

--
-- Indexes for table `facilities`
--
ALTER TABLE `facilities`
  ADD PRIMARY KEY (`id`);

--
-- Indexes for table `hotel_category`
--
ALTER TABLE `hotel_category`
  ADD PRIMARY KEY (`id`);

--
-- Indexes for table `hotel_facilitates`
--
ALTER TABLE `hotel_facilitates`
  ADD PRIMARY KEY (`id`);

--
-- Indexes for table `hotel_menu`
--
ALTER TABLE `hotel_menu`
  ADD PRIMARY KEY (`id`);

--
-- Indexes for table `menu`
--
ALTER TABLE `menu`
  ADD PRIMARY KEY (`id`);

--
-- AUTO_INCREMENT for dumped tables
--

--
-- AUTO_INCREMENT for table `category`
--
ALTER TABLE `category`
  MODIFY `id` int(11) NOT NULL AUTO_INCREMENT, AUTO_INCREMENT=85;

--
-- AUTO_INCREMENT for table `facilities`
--
ALTER TABLE `facilities`
  MODIFY `id` int(11) NOT NULL AUTO_INCREMENT, AUTO_INCREMENT=89;

--
-- AUTO_INCREMENT for table `hotel_category`
--
ALTER TABLE `hotel_category`
  MODIFY `id` int(11) NOT NULL AUTO_INCREMENT, AUTO_INCREMENT=20;

--
-- AUTO_INCREMENT for table `hotel_facilitates`
--
ALTER TABLE `hotel_facilitates`
  MODIFY `id` int(11) NOT NULL AUTO_INCREMENT, AUTO_INCREMENT=20;

--
-- AUTO_INCREMENT for table `hotel_menu`
--
ALTER TABLE `hotel_menu`
  MODIFY `id` int(11) NOT NULL AUTO_INCREMENT, AUTO_INCREMENT=6;

--
-- AUTO_INCREMENT for table `menu`
--
ALTER TABLE `menu`
  MODIFY `id` int(11) NOT NULL AUTO_INCREMENT, AUTO_INCREMENT=6;
COMMIT;

